{"version":"1.0","provider_name":"Recrosses","provider_url":"https:\/\/recrosses.eu\/fr\/","author_name":"Chiara Bertolin","author_url":"https:\/\/recrosses.eu\/fr\/author\/chiara\/","title":"Toits des Cimes - Recrosses","type":"rich","width":600,"height":338,"html":"<blockquote class=\"wp-embedded-content\" data-secret=\"G3Q69ovrUH\"><a href=\"https:\/\/recrosses.eu\/fr\/les-cer\/toits-des-cimes\/\">Toits des Cimes<\/a><\/blockquote><iframe sandbox=\"allow-scripts\" security=\"restricted\" src=\"https:\/\/recrosses.eu\/fr\/les-cer\/toits-des-cimes\/embed\/#?secret=G3Q69ovrUH\" width=\"600\" height=\"338\" title=\"\u00ab\u00a0Toits des Cimes\u00a0\u00bb &#8212; Recrosses\" data-secret=\"G3Q69ovrUH\" frameborder=\"0\" marginwidth=\"0\" marginheight=\"0\" scrolling=\"no\" class=\"wp-embedded-content\"><\/iframe><script>\n\/*! This file is auto-generated *\/\n!function(d,l){\"use strict\";l.querySelector&&d.addEventListener&&\"undefined\"!=typeof URL&&(d.wp=d.wp||{},d.wp.receiveEmbedMessage||(d.wp.receiveEmbedMessage=function(e){var t=e.data;if((t||t.secret||t.message||t.value)&&!\/[^a-zA-Z0-9]\/.test(t.secret)){for(var s,r,n,a=l.querySelectorAll('iframe[data-secret=\"'+t.secret+'\"]'),o=l.querySelectorAll('blockquote[data-secret=\"'+t.secret+'\"]'),c=new RegExp(\"^https?:$\",\"i\"),i=0;i<o.length;i++)o[i].style.display=\"none\";for(i=0;i<a.length;i++)s=a[i],e.source===s.contentWindow&&(s.removeAttribute(\"style\"),\"height\"===t.message?(1e3<(r=parseInt(t.value,10))?r=1e3:~~r<200&&(r=200),s.height=r):\"link\"===t.message&&(r=new URL(s.getAttribute(\"src\")),n=new URL(t.value),c.test(n.protocol))&&n.host===r.host&&l.activeElement===s&&(d.top.location.href=t.value))}},d.addEventListener(\"message\",d.wp.receiveEmbedMessage,!1),l.addEventListener(\"DOMContentLoaded\",function(){for(var e,t,s=l.querySelectorAll(\"iframe.wp-embedded-content\"),r=0;r<s.length;r++)(t=(e=s[r]).getAttribute(\"data-secret\"))||(t=Math.random().toString(36).substring(2,12),e.src+=\"#?secret=\"+t,e.setAttribute(\"data-secret\",t)),e.contentWindow.postMessage({message:\"ready\",secret:t},\"*\")},!1)))}(window,document);\n\/\/# sourceURL=https:\/\/recrosses.eu\/wp-includes\/js\/wp-embed.min.js\n<\/script>\n","thumbnail_url":"https:\/\/recrosses.eu\/wp-content\/uploads\/2026\/01\/Toits-des-cimes.jpg","thumbnail_width":821,"thumbnail_height":657,"description":"Toits des Cimes est une Centrale Villageoise d\u00e9di\u00e9e \u00e0 la production d\u2019\u00e9nergie propre dans la vall\u00e9e de Chamonix-Mont-Blanc et les territoires limitrophes. Fond\u00e9e officiellement en 2023 sous forme de SAS (Soci\u00e9t\u00e9 par Actions Simplifi\u00e9e) \u00e0 gouvernance ouverte (1 personne = 1 voix), elle r\u00e9unit 123 soci\u00e9taires \u2014 citoyens, collectivit\u00e9s locales, associations et entreprises \u2014 pour d\u00e9velopper des projets d\u2019\u00e9nergie renouvelable sur le territoire.Sa premi\u00e8re r\u00e9alisation op\u00e9rationnelle est une installation photovolta\u00efque d\u2019une puissance de 215 kWc, compos\u00e9e de 544 panneaux sur le toit du Centre Technique Municipal de Chamonix, en service depuis environ 2024. Elle produit une \u00e9nergie renouvelable locale (environ 220 MWh\/an, soit l\u2019\u00e9quivalent de la consommation de 275 personnes) et permet l\u2019autoconsommation collective entre les membres ainsi que la vente locale d\u2019\u00e9lectricit\u00e9.Le projet promeut la transition \u00e9nerg\u00e9tique locale \u00e0 travers un mod\u00e8le participatif et un circuit court de l\u2019\u00e9nergie, r\u00e9duisant la d\u00e9pendance au march\u00e9 et renfor\u00e7ant l\u2019\u00e9conomie ainsi que le lien social sur le territoire. Les soci\u00e9taires peuvent contribuer en souscrivant des actions, en proposant des toitures pour des installations ou en participant comme b\u00e9n\u00e9voles."}

Toits des Cimes est une Centrale Villageoise dédiée à la production d’énergie propre dans la vallée de Chamonix-Mont-Blanc et les territoires limitrophes. Fondée officiellement en 2023 sous forme de SAS (Société par Actions Simplifiée) à gouvernance ouverte (1 personne = 1 voix), elle réunit 123 sociétaires — citoyens, collectivités locales, associations et entreprises — pour développer des projets d’énergie renouvelable sur le territoire.Sa première réalisation opérationnelle est une installation photovoltaïque d’une puissance de 215 kWc, composée de 544 panneaux sur le toit du Centre Technique Municipal de Chamonix, en service depuis environ 2024. Elle produit une énergie renouvelable locale (environ 220 MWh/an, soit l’équivalent de la consommation de 275 personnes) et permet l’autoconsommation collective entre les membres ainsi que la vente locale d’électricité.Le projet promeut la transition énergétique locale à travers un modèle participatif et un circuit court de l’énergie, réduisant la dépendance au marché et renforçant l’économie ainsi que le lien social sur le territoire. Les sociétaires peuvent contribuer en souscrivant des actions, en proposant des toitures pour des installations ou en participant comme bénévoles.
