{"id":1619,"date":"2025-12-15T11:08:50","date_gmt":"2025-12-15T10:08:50","guid":{"rendered":"https:\/\/recrosses.eu\/cer\/centrales-villageoises-perle\/"},"modified":"2026-01-15T15:02:08","modified_gmt":"2026-01-15T14:02:08","slug":"centrales-villageoises-perle","status":"publish","type":"cer","link":"https:\/\/recrosses.eu\/fr\/les-cer\/centrales-villageoises-perle\/","title":{"rendered":"Centrales Villageoises Perle"},"content":{"rendered":"\n<p class=\"wp-block-paragraph\">La SAS Centrales Villageoises PERLE a \u00e9t\u00e9 cr\u00e9\u00e9e en 2013, avec un premier projet qui s\u2019est concr\u00e9tis\u00e9 par la recherche d\u2019actionnaires, de toits adapt\u00e9s \u00e0 l\u2019installation des premi\u00e8res centrales solaires et par la mise en \u0153uvre des proc\u00e9dures techniques et administratives. Deux phases d\u2019investissement ont \u00e9t\u00e9 r\u00e9alis\u00e9es en 2013 et 2017 sur le plateau de la Leysse, pour un total de 10 installations d\u2019une capacit\u00e9 de 84 kWc. <\/p>\n\n<p class=\"wp-block-paragraph\">En 2018, la zone d\u2019intervention de Perle s\u2019\u00e9tend au Coeur des Bauges et \u00e0 l\u2019Albanais, et une nouvelle phase d\u2019investissement est r\u00e9alis\u00e9e en 2020. Cinq installations entrent en service en 2020 avec une capacit\u00e9 de 99 kWc.<\/p>\n\n<p class=\"wp-block-paragraph\">La SAS Perle est administr\u00e9e par un conseil de gestion compos\u00e9 d\u2019une dizaine de membres, qui se r\u00e9unit environ tous les six mois. Elle compte \u00e9galement une centaine d\u2019actionnaires.<\/p>\n","protected":false},"featured_media":1902,"template":"","meta":{"_acf_changed":false},"regione-cer":[34],"class_list":["post-1619","cer","type-cer","status-publish","has-post-thumbnail","hentry","regione-cer-france"],"acf":[],"yoast_head":"<!-- This site is optimized with the Yoast SEO plugin v28.3 - https:\/\/yoast.com\/product\/yoast-seo-wordpress\/ -->\n<title>Centrales Villageoises Perle - Recrosses<\/title>\n<meta name=\"robots\" content=\"index, follow, max-snippet:-1, max-image-preview:large, max-video-preview:-1\" \/>\n<link rel=\"canonical\" href=\"https:\/\/recrosses.eu\/fr\/les-cer\/centrales-villageoises-perle\/\" \/>\n<meta property=\"og:locale\" content=\"fr_FR\" \/>\n<meta property=\"og:type\" content=\"article\" \/>\n<meta property=\"og:title\" content=\"Centrales Villageoises Perle - Recrosses\" \/>\n<meta property=\"og:description\" content=\"La SAS Centrales Villageoises PERLE a \u00e9t\u00e9 cr\u00e9\u00e9e en 2013, avec un premier projet qui s\u2019est concr\u00e9tis\u00e9 par la recherche d\u2019actionnaires, de toits adapt\u00e9s \u00e0 l\u2019installation des premi\u00e8res centrales solaires et par la mise en \u0153uvre des proc\u00e9dures techniques et administratives. Deux phases d\u2019investissement ont \u00e9t\u00e9 r\u00e9alis\u00e9es en 2013 et 2017 sur le plateau de [&hellip;]\" \/>\n<meta property=\"og:url\" content=\"https:\/\/recrosses.eu\/fr\/les-cer\/centrales-villageoises-perle\/\" \/>\n<meta property=\"og:site_name\" content=\"Recrosses\" \/>\n<meta property=\"article:modified_time\" content=\"2026-01-15T14:02:08+00:00\" \/>\n<meta property=\"og:image\" content=\"https:\/\/recrosses.eu\/wp-content\/uploads\/2025\/12\/perle-cer.jpg\" \/>\n\t<meta property=\"og:image:width\" content=\"300\" \/>\n\t<meta property=\"og:image:height\" content=\"150\" \/>\n\t<meta property=\"og:image:type\" content=\"image\/jpeg\" \/>\n<meta name=\"twitter:card\" content=\"summary_large_image\" \/>\n<meta name=\"twitter:label1\" content=\"Dur\u00e9e de lecture estim\u00e9e\" \/>\n\t<meta name=\"twitter:data1\" content=\"1 minute\" \/>\n<script type=\"application\/ld+json\" class=\"yoast-schema-graph\">{\"@context\":\"https:\\\/\\\/schema.org\",\"@graph\":[{\"@type\":\"WebPage\",\"@id\":\"https:\\\/\\\/recrosses.eu\\\/fr\\\/les-cer\\\/centrales-villageoises-perle\\\/\",\"url\":\"https:\\\/\\\/recrosses.eu\\\/fr\\\/les-cer\\\/centrales-villageoises-perle\\\/\",\"name\":\"Centrales Villageoises Perle - Recrosses\",\"isPartOf\":{\"@id\":\"https:\\\/\\\/recrosses.eu\\\/fr\\\/#website\"},\"primaryImageOfPage\":{\"@id\":\"https:\\\/\\\/recrosses.eu\\\/fr\\\/les-cer\\\/centrales-villageoises-perle\\\/#primaryimage\"},\"image\":{\"@id\":\"https:\\\/\\\/recrosses.eu\\\/fr\\\/les-cer\\\/centrales-villageoises-perle\\\/#primaryimage\"},\"thumbnailUrl\":\"https:\\\/\\\/recrosses.eu\\\/wp-content\\\/uploads\\\/2026\\\/01\\\/Perle.png\",\"datePublished\":\"2025-12-15T10:08:50+00:00\",\"dateModified\":\"2026-01-15T14:02:08+00:00\",\"breadcrumb\":{\"@id\":\"https:\\\/\\\/recrosses.eu\\\/fr\\\/les-cer\\\/centrales-villageoises-perle\\\/#breadcrumb\"},\"inLanguage\":\"fr-FR\",\"potentialAction\":[{\"@type\":\"ReadAction\",\"target\":[\"https:\\\/\\\/recrosses.eu\\\/fr\\\/les-cer\\\/centrales-villageoises-perle\\\/\"]}]},{\"@type\":\"ImageObject\",\"inLanguage\":\"fr-FR\",\"@id\":\"https:\\\/\\\/recrosses.eu\\\/fr\\\/les-cer\\\/centrales-villageoises-perle\\\/#primaryimage\",\"url\":\"https:\\\/\\\/recrosses.eu\\\/wp-content\\\/uploads\\\/2026\\\/01\\\/Perle.png\",\"contentUrl\":\"https:\\\/\\\/recrosses.eu\\\/wp-content\\\/uploads\\\/2026\\\/01\\\/Perle.png\",\"width\":326,\"height\":260},{\"@type\":\"BreadcrumbList\",\"@id\":\"https:\\\/\\\/recrosses.eu\\\/fr\\\/les-cer\\\/centrales-villageoises-perle\\\/#breadcrumb\",\"itemListElement\":[{\"@type\":\"ListItem\",\"position\":1,\"name\":\"Home\",\"item\":\"https:\\\/\\\/recrosses.eu\\\/fr\\\/home\\\/\"},{\"@type\":\"ListItem\",\"position\":2,\"name\":\"Centrales Villageoises Perle\"}]},{\"@type\":\"WebSite\",\"@id\":\"https:\\\/\\\/recrosses.eu\\\/fr\\\/#website\",\"url\":\"https:\\\/\\\/recrosses.eu\\\/fr\\\/\",\"name\":\"Recrosses\",\"description\":\"L&#039;energia che unisce - L&#039;\u00e9nergie qui unit\",\"potentialAction\":[{\"@type\":\"SearchAction\",\"target\":{\"@type\":\"EntryPoint\",\"urlTemplate\":\"https:\\\/\\\/recrosses.eu\\\/fr\\\/?s={search_term_string}\"},\"query-input\":{\"@type\":\"PropertyValueSpecification\",\"valueRequired\":true,\"valueName\":\"search_term_string\"}}],\"inLanguage\":\"fr-FR\"}]}<\/script>\n<!-- \/ Yoast SEO plugin. -->","yoast_head_json":{"title":"Centrales Villageoises Perle - Recrosses","robots":{"index":"index","follow":"follow","max-snippet":"max-snippet:-1","max-image-preview":"max-image-preview:large","max-video-preview":"max-video-preview:-1"},"canonical":"https:\/\/recrosses.eu\/fr\/les-cer\/centrales-villageoises-perle\/","og_locale":"fr_FR","og_type":"article","og_title":"Centrales Villageoises Perle - Recrosses","og_description":"La SAS Centrales Villageoises PERLE a \u00e9t\u00e9 cr\u00e9\u00e9e en 2013, avec un premier projet qui s\u2019est concr\u00e9tis\u00e9 par la recherche d\u2019actionnaires, de toits adapt\u00e9s \u00e0 l\u2019installation des premi\u00e8res centrales solaires et par la mise en \u0153uvre des proc\u00e9dures techniques et administratives. Deux phases d\u2019investissement ont \u00e9t\u00e9 r\u00e9alis\u00e9es en 2013 et 2017 sur le plateau de [&hellip;]","og_url":"https:\/\/recrosses.eu\/fr\/les-cer\/centrales-villageoises-perle\/","og_site_name":"Recrosses","article_modified_time":"2026-01-15T14:02:08+00:00","og_image":[{"width":300,"height":150,"url":"https:\/\/recrosses.eu\/wp-content\/uploads\/2025\/12\/perle-cer.jpg","type":"image\/jpeg"}],"twitter_card":"summary_large_image","twitter_misc":{"Dur\u00e9e de lecture estim\u00e9e":"1 minute"},"schema":{"@context":"https:\/\/schema.org","@graph":[{"@type":"WebPage","@id":"https:\/\/recrosses.eu\/fr\/les-cer\/centrales-villageoises-perle\/","url":"https:\/\/recrosses.eu\/fr\/les-cer\/centrales-villageoises-perle\/","name":"Centrales Villageoises Perle - Recrosses","isPartOf":{"@id":"https:\/\/recrosses.eu\/fr\/#website"},"primaryImageOfPage":{"@id":"https:\/\/recrosses.eu\/fr\/les-cer\/centrales-villageoises-perle\/#primaryimage"},"image":{"@id":"https:\/\/recrosses.eu\/fr\/les-cer\/centrales-villageoises-perle\/#primaryimage"},"thumbnailUrl":"https:\/\/recrosses.eu\/wp-content\/uploads\/2026\/01\/Perle.png","datePublished":"2025-12-15T10:08:50+00:00","dateModified":"2026-01-15T14:02:08+00:00","breadcrumb":{"@id":"https:\/\/recrosses.eu\/fr\/les-cer\/centrales-villageoises-perle\/#breadcrumb"},"inLanguage":"fr-FR","potentialAction":[{"@type":"ReadAction","target":["https:\/\/recrosses.eu\/fr\/les-cer\/centrales-villageoises-perle\/"]}]},{"@type":"ImageObject","inLanguage":"fr-FR","@id":"https:\/\/recrosses.eu\/fr\/les-cer\/centrales-villageoises-perle\/#primaryimage","url":"https:\/\/recrosses.eu\/wp-content\/uploads\/2026\/01\/Perle.png","contentUrl":"https:\/\/recrosses.eu\/wp-content\/uploads\/2026\/01\/Perle.png","width":326,"height":260},{"@type":"BreadcrumbList","@id":"https:\/\/recrosses.eu\/fr\/les-cer\/centrales-villageoises-perle\/#breadcrumb","itemListElement":[{"@type":"ListItem","position":1,"name":"Home","item":"https:\/\/recrosses.eu\/fr\/home\/"},{"@type":"ListItem","position":2,"name":"Centrales Villageoises Perle"}]},{"@type":"WebSite","@id":"https:\/\/recrosses.eu\/fr\/#website","url":"https:\/\/recrosses.eu\/fr\/","name":"Recrosses","description":"L&#039;energia che unisce - L&#039;\u00e9nergie qui unit","potentialAction":[{"@type":"SearchAction","target":{"@type":"EntryPoint","urlTemplate":"https:\/\/recrosses.eu\/fr\/?s={search_term_string}"},"query-input":{"@type":"PropertyValueSpecification","valueRequired":true,"valueName":"search_term_string"}}],"inLanguage":"fr-FR"}]}},"_links":{"self":[{"href":"https:\/\/recrosses.eu\/fr\/wp-json\/wp\/v2\/cer\/1619","targetHints":{"allow":["GET"]}}],"collection":[{"href":"https:\/\/recrosses.eu\/fr\/wp-json\/wp\/v2\/cer"}],"about":[{"href":"https:\/\/recrosses.eu\/fr\/wp-json\/wp\/v2\/types\/cer"}],"wp:featuredmedia":[{"embeddable":true,"href":"https:\/\/recrosses.eu\/fr\/wp-json\/wp\/v2\/media\/1902"}],"wp:attachment":[{"href":"https:\/\/recrosses.eu\/fr\/wp-json\/wp\/v2\/media?parent=1619"}],"wp:term":[{"taxonomy":"regione-cer","embeddable":true,"href":"https:\/\/recrosses.eu\/fr\/wp-json\/wp\/v2\/regione-cer?post=1619"}],"curies":[{"name":"wp","href":"https:\/\/api.w.org\/{rel}","templated":true}]}}

<p class="wp-block-paragraph">La SAS Centrales Villageoises PERLE a été créée en 2013, avec un premier projet qui s’est concrétisé par la recherche d’actionnaires, de toits adaptés à l’installation des premières centrales solaires et par la mise en œuvre des procédures techniques et administratives. Deux phases d’investissement ont été réalisées en 2013 et 2017 sur le plateau de la Leysse, pour un total de 10 installations d’une capacité de 84 kWc. </p>

<p class="wp-block-paragraph">En 2018, la zone d’intervention de Perle s’étend au Coeur des Bauges et à l’Albanais, et une nouvelle phase d’investissement est réalisée en 2020. Cinq installations entrent en service en 2020 avec une capacité de 99 kWc.</p>

<p class="wp-block-paragraph">La SAS Perle est administrée par un conseil de gestion composé d’une dizaine de membres, qui se réunit environ tous les six mois. Elle compte également une centaine d’actionnaires.</p>

<!-- This site is optimized with the Yoast SEO plugin v28.3 - https://yoast.com/product/yoast-seo-wordpress/ -->
<title>Centrales Villageoises Perle - Recrosses</title>
<meta name="robots" content="index, follow, max-snippet:-1, max-image-preview:large, max-video-preview:-1" />
<link rel="canonical" href="https://recrosses.eu/fr/les-cer/centrales-villageoises-perle/" />
<meta property="og:locale" content="fr_FR" />
<meta property="og:type" content="article" />
<meta property="og:title" content="Centrales Villageoises Perle - Recrosses" />
<meta property="og:description" content="La SAS Centrales Villageoises PERLE a été créée en 2013, avec un premier projet qui s’est concrétisé par la recherche d’actionnaires, de toits adaptés à l’installation des premières centrales solaires et par la mise en œuvre des procédures techniques et administratives. Deux phases d’investissement ont été réalisées en 2013 et 2017 sur le plateau de [&hellip;]" />
<meta property="og:url" content="https://recrosses.eu/fr/les-cer/centrales-villageoises-perle/" />
<meta property="og:site_name" content="Recrosses" />
<meta property="article:modified_time" content="2026-01-15T14:02:08+00:00" />
<meta property="og:image" content="https://recrosses.eu/wp-content/uploads/2025/12/perle-cer.jpg" />
	<meta property="og:image:width" content="300" />
	<meta property="og:image:height" content="150" />
	<meta property="og:image:type" content="image/jpeg" />
<meta name="twitter:card" content="summary_large_image" />
<meta name="twitter:label1" content="Durée de lecture estimée" />
	<meta name="twitter:data1" content="1 minute" />
<script type="application/ld+json" class="yoast-schema-graph">{"@context":"https:\/\/schema.org","@graph":[{"@type":"WebPage","@id":"https:\/\/recrosses.eu\/fr\/les-cer\/centrales-villageoises-perle\/","url":"https:\/\/recrosses.eu\/fr\/les-cer\/centrales-villageoises-perle\/","name":"Centrales Villageoises Perle - Recrosses","isPartOf":{"@id":"https:\/\/recrosses.eu\/fr\/#website"},"primaryImageOfPage":{"@id":"https:\/\/recrosses.eu\/fr\/les-cer\/centrales-villageoises-perle\/#primaryimage"},"image":{"@id":"https:\/\/recrosses.eu\/fr\/les-cer\/centrales-villageoises-perle\/#primaryimage"},"thumbnailUrl":"https:\/\/recrosses.eu\/wp-content\/uploads\/2026\/01\/Perle.png","datePublished":"2025-12-15T10:08:50+00:00","dateModified":"2026-01-15T14:02:08+00:00","breadcrumb":{"@id":"https:\/\/recrosses.eu\/fr\/les-cer\/centrales-villageoises-perle\/#breadcrumb"},"inLanguage":"fr-FR","potentialAction":[{"@type":"ReadAction","target":["https:\/\/recrosses.eu\/fr\/les-cer\/centrales-villageoises-perle\/"]}]},{"@type":"ImageObject","inLanguage":"fr-FR","@id":"https:\/\/recrosses.eu\/fr\/les-cer\/centrales-villageoises-perle\/#primaryimage","url":"https:\/\/recrosses.eu\/wp-content\/uploads\/2026\/01\/Perle.png","contentUrl":"https:\/\/recrosses.eu\/wp-content\/uploads\/2026\/01\/Perle.png","width":326,"height":260},{"@type":"BreadcrumbList","@id":"https:\/\/recrosses.eu\/fr\/les-cer\/centrales-villageoises-perle\/#breadcrumb","itemListElement":[{"@type":"ListItem","position":1,"name":"Home","item":"https:\/\/recrosses.eu\/fr\/home\/"},{"@type":"ListItem","position":2,"name":"Centrales Villageoises Perle"}]},{"@type":"WebSite","@id":"https:\/\/recrosses.eu\/fr\/#website","url":"https:\/\/recrosses.eu\/fr\/","name":"Recrosses","description":"L&#039;energia che unisce - L&#039;énergie qui unit","potentialAction":[{"@type":"SearchAction","target":{"@type":"EntryPoint","urlTemplate":"https:\/\/recrosses.eu\/fr\/?s={search_term_string}"},"query-input":{"@type":"PropertyValueSpecification","valueRequired":true,"valueName":"search_term_string"}}],"inLanguage":"fr-FR"}]}</script>
<!-- / Yoast SEO plugin. -->

La SAS Centrales Villageoises PERLE a été créée en 2013, avec un premier projet qui s’est concrétisé par la recherche d’actionnaires, de toits adaptés à l’installation des premières centrales solaires et par la mise en œuvre des procédures techniques et administratives. Deux phases d’investissement ont été réalisées en 2013 et 2017 sur le plateau de [&hellip;]

L&#039;energia che unisce - L&#039;énergie qui unit
