{"id":1620,"date":"2025-12-15T11:53:08","date_gmt":"2025-12-15T10:53:08","guid":{"rendered":"https:\/\/recrosses.eu\/cer\/centrales-villageoises-le-solaret\/"},"modified":"2026-01-16T15:32:14","modified_gmt":"2026-01-16T14:32:14","slug":"centrales-villageoises-le-solaret","status":"publish","type":"cer","link":"https:\/\/recrosses.eu\/fr\/les-cer\/centrales-villageoises-le-solaret\/","title":{"rendered":"Centrales Villageoises le Solaret"},"content":{"rendered":"\n<p class=\"wp-block-paragraph\">Le Solaret est une SCIC (Soci\u00e9t\u00e9 Coop\u00e9rative d\u2019Int\u00e9r\u00eat Collectif) \u00e0 capital variable, fond\u00e9e en juin 2017 avec l\u2019objectif de r\u00e9aliser une premi\u00e8re op\u00e9ration sur une douzaine de toitures sur le territoire de la Savoie. Ce projet est devenu op\u00e9rationnel \u00e0 l\u2019automne 2018, compte aujourd\u2019hui <strong><strong>170 soci\u00e9taires<\/strong><\/strong> et a r\u00e9alis\u00e9 <strong>18 installations<\/strong>, pour une <strong>puissance totale de 329 kWc<\/strong>.<br\/><\/p>\n\n<p class=\"wp-block-paragraph\">Environ une centaine d\u2019actionnaires (particuliers, collectivit\u00e9s locales, entreprises) ont particip\u00e9 \u00e0 Le Solaret, et un collectif de b\u00e9n\u00e9voles coordonne l\u2019ensemble des d\u00e9marches. L\u2019ensemble des prestations (\u00e9tudes et installation) est r\u00e9alis\u00e9 par des prestataires professionnels <\/p>\n","protected":false},"featured_media":1615,"template":"","meta":{"_acf_changed":false},"regione-cer":[34],"class_list":["post-1620","cer","type-cer","status-publish","has-post-thumbnail","hentry","regione-cer-france"],"acf":[],"yoast_head":"<!-- This site is optimized with the Yoast SEO plugin v28.3 - https:\/\/yoast.com\/product\/yoast-seo-wordpress\/ -->\n<title>Centrales Villageoises le Solaret - Recrosses<\/title>\n<meta name=\"robots\" content=\"index, follow, max-snippet:-1, max-image-preview:large, max-video-preview:-1\" \/>\n<link rel=\"canonical\" href=\"https:\/\/recrosses.eu\/fr\/les-cer\/centrales-villageoises-le-solaret\/\" \/>\n<meta property=\"og:locale\" content=\"fr_FR\" \/>\n<meta property=\"og:type\" content=\"article\" \/>\n<meta property=\"og:title\" content=\"Centrales Villageoises le Solaret - Recrosses\" \/>\n<meta property=\"og:description\" content=\"Le Solaret est une SCIC (Soci\u00e9t\u00e9 Coop\u00e9rative d\u2019Int\u00e9r\u00eat Collectif) \u00e0 capital variable, fond\u00e9e en juin 2017 avec l\u2019objectif de r\u00e9aliser une premi\u00e8re op\u00e9ration sur une douzaine de toitures sur le territoire de la Savoie. Ce projet est devenu op\u00e9rationnel \u00e0 l\u2019automne 2018, compte aujourd\u2019hui 170 soci\u00e9taires et a r\u00e9alis\u00e9 18 installations, pour une puissance totale [&hellip;]\" \/>\n<meta property=\"og:url\" content=\"https:\/\/recrosses.eu\/fr\/les-cer\/centrales-villageoises-le-solaret\/\" \/>\n<meta property=\"og:site_name\" content=\"Recrosses\" \/>\n<meta property=\"article:modified_time\" content=\"2026-01-16T14:32:14+00:00\" \/>\n<meta property=\"og:image\" content=\"https:\/\/recrosses.eu\/wp-content\/uploads\/2025\/12\/solaret.jpg\" \/>\n\t<meta property=\"og:image:width\" content=\"300\" \/>\n\t<meta property=\"og:image:height\" content=\"150\" \/>\n\t<meta property=\"og:image:type\" content=\"image\/jpeg\" \/>\n<meta name=\"twitter:card\" content=\"summary_large_image\" \/>\n<meta name=\"twitter:label1\" content=\"Dur\u00e9e de lecture estim\u00e9e\" \/>\n\t<meta name=\"twitter:data1\" content=\"1 minute\" \/>\n<script type=\"application\/ld+json\" class=\"yoast-schema-graph\">{\"@context\":\"https:\\\/\\\/schema.org\",\"@graph\":[{\"@type\":\"WebPage\",\"@id\":\"https:\\\/\\\/recrosses.eu\\\/fr\\\/les-cer\\\/centrales-villageoises-le-solaret\\\/\",\"url\":\"https:\\\/\\\/recrosses.eu\\\/fr\\\/les-cer\\\/centrales-villageoises-le-solaret\\\/\",\"name\":\"Centrales Villageoises le Solaret - Recrosses\",\"isPartOf\":{\"@id\":\"https:\\\/\\\/recrosses.eu\\\/fr\\\/#website\"},\"primaryImageOfPage\":{\"@id\":\"https:\\\/\\\/recrosses.eu\\\/fr\\\/les-cer\\\/centrales-villageoises-le-solaret\\\/#primaryimage\"},\"image\":{\"@id\":\"https:\\\/\\\/recrosses.eu\\\/fr\\\/les-cer\\\/centrales-villageoises-le-solaret\\\/#primaryimage\"},\"thumbnailUrl\":\"https:\\\/\\\/recrosses.eu\\\/wp-content\\\/uploads\\\/2025\\\/12\\\/solaret.jpg\",\"datePublished\":\"2025-12-15T10:53:08+00:00\",\"dateModified\":\"2026-01-16T14:32:14+00:00\",\"breadcrumb\":{\"@id\":\"https:\\\/\\\/recrosses.eu\\\/fr\\\/les-cer\\\/centrales-villageoises-le-solaret\\\/#breadcrumb\"},\"inLanguage\":\"fr-FR\",\"potentialAction\":[{\"@type\":\"ReadAction\",\"target\":[\"https:\\\/\\\/recrosses.eu\\\/fr\\\/les-cer\\\/centrales-villageoises-le-solaret\\\/\"]}]},{\"@type\":\"ImageObject\",\"inLanguage\":\"fr-FR\",\"@id\":\"https:\\\/\\\/recrosses.eu\\\/fr\\\/les-cer\\\/centrales-villageoises-le-solaret\\\/#primaryimage\",\"url\":\"https:\\\/\\\/recrosses.eu\\\/wp-content\\\/uploads\\\/2025\\\/12\\\/solaret.jpg\",\"contentUrl\":\"https:\\\/\\\/recrosses.eu\\\/wp-content\\\/uploads\\\/2025\\\/12\\\/solaret.jpg\",\"width\":300,\"height\":150},{\"@type\":\"BreadcrumbList\",\"@id\":\"https:\\\/\\\/recrosses.eu\\\/fr\\\/les-cer\\\/centrales-villageoises-le-solaret\\\/#breadcrumb\",\"itemListElement\":[{\"@type\":\"ListItem\",\"position\":1,\"name\":\"Home\",\"item\":\"https:\\\/\\\/recrosses.eu\\\/fr\\\/home\\\/\"},{\"@type\":\"ListItem\",\"position\":2,\"name\":\"Centrales Villageoises le Solaret\"}]},{\"@type\":\"WebSite\",\"@id\":\"https:\\\/\\\/recrosses.eu\\\/fr\\\/#website\",\"url\":\"https:\\\/\\\/recrosses.eu\\\/fr\\\/\",\"name\":\"Recrosses\",\"description\":\"L&#039;energia che unisce - L&#039;\u00e9nergie qui unit\",\"potentialAction\":[{\"@type\":\"SearchAction\",\"target\":{\"@type\":\"EntryPoint\",\"urlTemplate\":\"https:\\\/\\\/recrosses.eu\\\/fr\\\/?s={search_term_string}\"},\"query-input\":{\"@type\":\"PropertyValueSpecification\",\"valueRequired\":true,\"valueName\":\"search_term_string\"}}],\"inLanguage\":\"fr-FR\"}]}<\/script>\n<!-- \/ Yoast SEO plugin. -->","yoast_head_json":{"title":"Centrales Villageoises le Solaret - Recrosses","robots":{"index":"index","follow":"follow","max-snippet":"max-snippet:-1","max-image-preview":"max-image-preview:large","max-video-preview":"max-video-preview:-1"},"canonical":"https:\/\/recrosses.eu\/fr\/les-cer\/centrales-villageoises-le-solaret\/","og_locale":"fr_FR","og_type":"article","og_title":"Centrales Villageoises le Solaret - Recrosses","og_description":"Le Solaret est une SCIC (Soci\u00e9t\u00e9 Coop\u00e9rative d\u2019Int\u00e9r\u00eat Collectif) \u00e0 capital variable, fond\u00e9e en juin 2017 avec l\u2019objectif de r\u00e9aliser une premi\u00e8re op\u00e9ration sur une douzaine de toitures sur le territoire de la Savoie. Ce projet est devenu op\u00e9rationnel \u00e0 l\u2019automne 2018, compte aujourd\u2019hui 170 soci\u00e9taires et a r\u00e9alis\u00e9 18 installations, pour une puissance totale [&hellip;]","og_url":"https:\/\/recrosses.eu\/fr\/les-cer\/centrales-villageoises-le-solaret\/","og_site_name":"Recrosses","article_modified_time":"2026-01-16T14:32:14+00:00","og_image":[{"width":300,"height":150,"url":"https:\/\/recrosses.eu\/wp-content\/uploads\/2025\/12\/solaret.jpg","type":"image\/jpeg"}],"twitter_card":"summary_large_image","twitter_misc":{"Dur\u00e9e de lecture estim\u00e9e":"1 minute"},"schema":{"@context":"https:\/\/schema.org","@graph":[{"@type":"WebPage","@id":"https:\/\/recrosses.eu\/fr\/les-cer\/centrales-villageoises-le-solaret\/","url":"https:\/\/recrosses.eu\/fr\/les-cer\/centrales-villageoises-le-solaret\/","name":"Centrales Villageoises le Solaret - Recrosses","isPartOf":{"@id":"https:\/\/recrosses.eu\/fr\/#website"},"primaryImageOfPage":{"@id":"https:\/\/recrosses.eu\/fr\/les-cer\/centrales-villageoises-le-solaret\/#primaryimage"},"image":{"@id":"https:\/\/recrosses.eu\/fr\/les-cer\/centrales-villageoises-le-solaret\/#primaryimage"},"thumbnailUrl":"https:\/\/recrosses.eu\/wp-content\/uploads\/2025\/12\/solaret.jpg","datePublished":"2025-12-15T10:53:08+00:00","dateModified":"2026-01-16T14:32:14+00:00","breadcrumb":{"@id":"https:\/\/recrosses.eu\/fr\/les-cer\/centrales-villageoises-le-solaret\/#breadcrumb"},"inLanguage":"fr-FR","potentialAction":[{"@type":"ReadAction","target":["https:\/\/recrosses.eu\/fr\/les-cer\/centrales-villageoises-le-solaret\/"]}]},{"@type":"ImageObject","inLanguage":"fr-FR","@id":"https:\/\/recrosses.eu\/fr\/les-cer\/centrales-villageoises-le-solaret\/#primaryimage","url":"https:\/\/recrosses.eu\/wp-content\/uploads\/2025\/12\/solaret.jpg","contentUrl":"https:\/\/recrosses.eu\/wp-content\/uploads\/2025\/12\/solaret.jpg","width":300,"height":150},{"@type":"BreadcrumbList","@id":"https:\/\/recrosses.eu\/fr\/les-cer\/centrales-villageoises-le-solaret\/#breadcrumb","itemListElement":[{"@type":"ListItem","position":1,"name":"Home","item":"https:\/\/recrosses.eu\/fr\/home\/"},{"@type":"ListItem","position":2,"name":"Centrales Villageoises le Solaret"}]},{"@type":"WebSite","@id":"https:\/\/recrosses.eu\/fr\/#website","url":"https:\/\/recrosses.eu\/fr\/","name":"Recrosses","description":"L&#039;energia che unisce - L&#039;\u00e9nergie qui unit","potentialAction":[{"@type":"SearchAction","target":{"@type":"EntryPoint","urlTemplate":"https:\/\/recrosses.eu\/fr\/?s={search_term_string}"},"query-input":{"@type":"PropertyValueSpecification","valueRequired":true,"valueName":"search_term_string"}}],"inLanguage":"fr-FR"}]}},"_links":{"self":[{"href":"https:\/\/recrosses.eu\/fr\/wp-json\/wp\/v2\/cer\/1620","targetHints":{"allow":["GET"]}}],"collection":[{"href":"https:\/\/recrosses.eu\/fr\/wp-json\/wp\/v2\/cer"}],"about":[{"href":"https:\/\/recrosses.eu\/fr\/wp-json\/wp\/v2\/types\/cer"}],"wp:featuredmedia":[{"embeddable":true,"href":"https:\/\/recrosses.eu\/fr\/wp-json\/wp\/v2\/media\/1615"}],"wp:attachment":[{"href":"https:\/\/recrosses.eu\/fr\/wp-json\/wp\/v2\/media?parent=1620"}],"wp:term":[{"taxonomy":"regione-cer","embeddable":true,"href":"https:\/\/recrosses.eu\/fr\/wp-json\/wp\/v2\/regione-cer?post=1620"}],"curies":[{"name":"wp","href":"https:\/\/api.w.org\/{rel}","templated":true}]}}

<p class="wp-block-paragraph">Le Solaret est une SCIC (Société Coopérative d’Intérêt Collectif) à capital variable, fondée en juin 2017 avec l’objectif de réaliser une première opération sur une douzaine de toitures sur le territoire de la Savoie. Ce projet est devenu opérationnel à l’automne 2018, compte aujourd’hui <strong><strong>170 sociétaires</strong></strong> et a réalisé <strong>18 installations</strong>, pour une <strong>puissance totale de 329 kWc</strong>.<br/></p>

<p class="wp-block-paragraph">Environ une centaine d’actionnaires (particuliers, collectivités locales, entreprises) ont participé à Le Solaret, et un collectif de bénévoles coordonne l’ensemble des démarches. L’ensemble des prestations (études et installation) est réalisé par des prestataires professionnels </p>

<!-- This site is optimized with the Yoast SEO plugin v28.3 - https://yoast.com/product/yoast-seo-wordpress/ -->
<title>Centrales Villageoises le Solaret - Recrosses</title>
<meta name="robots" content="index, follow, max-snippet:-1, max-image-preview:large, max-video-preview:-1" />
<link rel="canonical" href="https://recrosses.eu/fr/les-cer/centrales-villageoises-le-solaret/" />
<meta property="og:locale" content="fr_FR" />
<meta property="og:type" content="article" />
<meta property="og:title" content="Centrales Villageoises le Solaret - Recrosses" />
<meta property="og:description" content="Le Solaret est une SCIC (Société Coopérative d’Intérêt Collectif) à capital variable, fondée en juin 2017 avec l’objectif de réaliser une première opération sur une douzaine de toitures sur le territoire de la Savoie. Ce projet est devenu opérationnel à l’automne 2018, compte aujourd’hui 170 sociétaires et a réalisé 18 installations, pour une puissance totale [&hellip;]" />
<meta property="og:url" content="https://recrosses.eu/fr/les-cer/centrales-villageoises-le-solaret/" />
<meta property="og:site_name" content="Recrosses" />
<meta property="article:modified_time" content="2026-01-16T14:32:14+00:00" />
<meta property="og:image" content="https://recrosses.eu/wp-content/uploads/2025/12/solaret.jpg" />
	<meta property="og:image:width" content="300" />
	<meta property="og:image:height" content="150" />
	<meta property="og:image:type" content="image/jpeg" />
<meta name="twitter:card" content="summary_large_image" />
<meta name="twitter:label1" content="Durée de lecture estimée" />
	<meta name="twitter:data1" content="1 minute" />
<script type="application/ld+json" class="yoast-schema-graph">{"@context":"https:\/\/schema.org","@graph":[{"@type":"WebPage","@id":"https:\/\/recrosses.eu\/fr\/les-cer\/centrales-villageoises-le-solaret\/","url":"https:\/\/recrosses.eu\/fr\/les-cer\/centrales-villageoises-le-solaret\/","name":"Centrales Villageoises le Solaret - Recrosses","isPartOf":{"@id":"https:\/\/recrosses.eu\/fr\/#website"},"primaryImageOfPage":{"@id":"https:\/\/recrosses.eu\/fr\/les-cer\/centrales-villageoises-le-solaret\/#primaryimage"},"image":{"@id":"https:\/\/recrosses.eu\/fr\/les-cer\/centrales-villageoises-le-solaret\/#primaryimage"},"thumbnailUrl":"https:\/\/recrosses.eu\/wp-content\/uploads\/2025\/12\/solaret.jpg","datePublished":"2025-12-15T10:53:08+00:00","dateModified":"2026-01-16T14:32:14+00:00","breadcrumb":{"@id":"https:\/\/recrosses.eu\/fr\/les-cer\/centrales-villageoises-le-solaret\/#breadcrumb"},"inLanguage":"fr-FR","potentialAction":[{"@type":"ReadAction","target":["https:\/\/recrosses.eu\/fr\/les-cer\/centrales-villageoises-le-solaret\/"]}]},{"@type":"ImageObject","inLanguage":"fr-FR","@id":"https:\/\/recrosses.eu\/fr\/les-cer\/centrales-villageoises-le-solaret\/#primaryimage","url":"https:\/\/recrosses.eu\/wp-content\/uploads\/2025\/12\/solaret.jpg","contentUrl":"https:\/\/recrosses.eu\/wp-content\/uploads\/2025\/12\/solaret.jpg","width":300,"height":150},{"@type":"BreadcrumbList","@id":"https:\/\/recrosses.eu\/fr\/les-cer\/centrales-villageoises-le-solaret\/#breadcrumb","itemListElement":[{"@type":"ListItem","position":1,"name":"Home","item":"https:\/\/recrosses.eu\/fr\/home\/"},{"@type":"ListItem","position":2,"name":"Centrales Villageoises le Solaret"}]},{"@type":"WebSite","@id":"https:\/\/recrosses.eu\/fr\/#website","url":"https:\/\/recrosses.eu\/fr\/","name":"Recrosses","description":"L&#039;energia che unisce - L&#039;énergie qui unit","potentialAction":[{"@type":"SearchAction","target":{"@type":"EntryPoint","urlTemplate":"https:\/\/recrosses.eu\/fr\/?s={search_term_string}"},"query-input":{"@type":"PropertyValueSpecification","valueRequired":true,"valueName":"search_term_string"}}],"inLanguage":"fr-FR"}]}</script>
<!-- / Yoast SEO plugin. -->

Le Solaret est une SCIC (Société Coopérative d’Intérêt Collectif) à capital variable, fondée en juin 2017 avec l’objectif de réaliser une première opération sur une douzaine de toitures sur le territoire de la Savoie. Ce projet est devenu opérationnel à l’automne 2018, compte aujourd’hui 170 sociétaires et a réalisé 18 installations, pour une puissance totale [&hellip;]

L&#039;energia che unisce - L&#039;énergie qui unit
