{"id":1629,"date":"2025-12-15T11:58:33","date_gmt":"2025-12-15T10:58:33","guid":{"rendered":"https:\/\/recrosses.eu\/cer\/cer-energie-di-quartiere\/"},"modified":"2025-12-15T14:18:05","modified_gmt":"2025-12-15T13:18:05","slug":"cer-energie-di-quartiere","status":"publish","type":"cer","link":"https:\/\/recrosses.eu\/fr\/les-cer\/cer-energie-di-quartiere\/","title":{"rendered":"CER Energie di Quartiere"},"content":{"rendered":"\n<p class=\"wp-block-paragraph\">Le 3 d\u00e9cembre 2024, l\u2019Archidioc\u00e8se de Turin a constitu\u00e9 la CER, op\u00e9rationnelle sur les territoires du dioc\u00e8se ainsi que d\u2019autres dioc\u00e8ses pi\u00e9montais, avec pour objectif d\u2019inciter les communaut\u00e9s locales \u00e0 un engagement concret dans la transition \u00e9nerg\u00e9tique, en favorisant la prise de responsabilit\u00e9 des chr\u00e9tiens (et non seulement) pour l\u2019\u00e9cologie int\u00e9grale, conform\u00e9ment aux indications du pape Fran\u00e7ois dans son encyclique Laudato Si&rsquo;. La CER est le r\u00e9sultat d\u2019un parcours impliquant citoyens, professionnels, experts et parties prenantes, avec lesquels des collaborations fructueuses, des \u00e9changes, des r\u00e9flexions et des premi\u00e8res actions concr\u00e8tes ont \u00e9t\u00e9 men\u00e9s.  <\/p>\n\n<p class=\"wp-block-paragraph\">Le projet a \u00e9t\u00e9 coordonn\u00e9 par l\u2019Archidioc\u00e8se de Turin, avec l\u2019aide d\u2019une \u00e9quipe d\u2019experts. \u00c0 ce jour, la Communaut\u00e9 \u00c9nerg\u00e9tique ENERGIE DI COMUNIT\u00c0 ETS a d\u00e9j\u00e0 activ\u00e9 4 configurations dans lesquelles les membres peuvent \u00e9changer de l\u2019\u00e9nergie renouvelable, et le nombre de membres est de 60. La CER est accompagn\u00e9e par le Politecnico de Turin et par le Guichet Unique RECROSSES.  <\/p>\n","protected":false},"featured_media":1922,"template":"","meta":{"_acf_changed":false},"regione-cer":[33],"class_list":["post-1629","cer","type-cer","status-publish","has-post-thumbnail","hentry","regione-cer-italie"],"acf":[],"yoast_head":"<!-- This site is optimized with the Yoast SEO plugin v28.3 - https:\/\/yoast.com\/product\/yoast-seo-wordpress\/ -->\n<title>CER Energie di Quartiere - Recrosses<\/title>\n<meta name=\"robots\" content=\"index, follow, max-snippet:-1, max-image-preview:large, max-video-preview:-1\" \/>\n<link rel=\"canonical\" href=\"https:\/\/recrosses.eu\/fr\/les-cer\/cer-energie-di-quartiere\/\" \/>\n<meta property=\"og:locale\" content=\"fr_FR\" \/>\n<meta property=\"og:type\" content=\"article\" \/>\n<meta property=\"og:title\" content=\"CER Energie di Quartiere - Recrosses\" \/>\n<meta property=\"og:description\" content=\"Le 3 d\u00e9cembre 2024, l\u2019Archidioc\u00e8se de Turin a constitu\u00e9 la CER, op\u00e9rationnelle sur les territoires du dioc\u00e8se ainsi que d\u2019autres dioc\u00e8ses pi\u00e9montais, avec pour objectif d\u2019inciter les communaut\u00e9s locales \u00e0 un engagement concret dans la transition \u00e9nerg\u00e9tique, en favorisant la prise de responsabilit\u00e9 des chr\u00e9tiens (et non seulement) pour l\u2019\u00e9cologie int\u00e9grale, conform\u00e9ment aux indications du [&hellip;]\" \/>\n<meta property=\"og:url\" content=\"https:\/\/recrosses.eu\/fr\/les-cer\/cer-energie-di-quartiere\/\" \/>\n<meta property=\"og:site_name\" content=\"Recrosses\" \/>\n<meta property=\"article:modified_time\" content=\"2025-12-15T13:18:05+00:00\" \/>\n<meta property=\"og:image\" content=\"https:\/\/recrosses.eu\/wp-content\/uploads\/2025\/12\/diocesi-torino.jpg\" \/>\n\t<meta property=\"og:image:width\" content=\"300\" \/>\n\t<meta property=\"og:image:height\" content=\"150\" \/>\n\t<meta property=\"og:image:type\" content=\"image\/jpeg\" \/>\n<meta name=\"twitter:card\" content=\"summary_large_image\" \/>\n<meta name=\"twitter:label1\" content=\"Dur\u00e9e de lecture estim\u00e9e\" \/>\n\t<meta name=\"twitter:data1\" content=\"1 minute\" \/>\n<script type=\"application\/ld+json\" class=\"yoast-schema-graph\">{\"@context\":\"https:\\\/\\\/schema.org\",\"@graph\":[{\"@type\":\"WebPage\",\"@id\":\"https:\\\/\\\/recrosses.eu\\\/fr\\\/les-cer\\\/cer-energie-di-quartiere\\\/\",\"url\":\"https:\\\/\\\/recrosses.eu\\\/fr\\\/les-cer\\\/cer-energie-di-quartiere\\\/\",\"name\":\"CER Energie di Quartiere - Recrosses\",\"isPartOf\":{\"@id\":\"https:\\\/\\\/recrosses.eu\\\/fr\\\/#website\"},\"primaryImageOfPage\":{\"@id\":\"https:\\\/\\\/recrosses.eu\\\/fr\\\/les-cer\\\/cer-energie-di-quartiere\\\/#primaryimage\"},\"image\":{\"@id\":\"https:\\\/\\\/recrosses.eu\\\/fr\\\/les-cer\\\/cer-energie-di-quartiere\\\/#primaryimage\"},\"thumbnailUrl\":\"https:\\\/\\\/recrosses.eu\\\/wp-content\\\/uploads\\\/2026\\\/01\\\/Nologo.jpg\",\"datePublished\":\"2025-12-15T10:58:33+00:00\",\"dateModified\":\"2025-12-15T13:18:05+00:00\",\"breadcrumb\":{\"@id\":\"https:\\\/\\\/recrosses.eu\\\/fr\\\/les-cer\\\/cer-energie-di-quartiere\\\/#breadcrumb\"},\"inLanguage\":\"fr-FR\",\"potentialAction\":[{\"@type\":\"ReadAction\",\"target\":[\"https:\\\/\\\/recrosses.eu\\\/fr\\\/les-cer\\\/cer-energie-di-quartiere\\\/\"]}]},{\"@type\":\"ImageObject\",\"inLanguage\":\"fr-FR\",\"@id\":\"https:\\\/\\\/recrosses.eu\\\/fr\\\/les-cer\\\/cer-energie-di-quartiere\\\/#primaryimage\",\"url\":\"https:\\\/\\\/recrosses.eu\\\/wp-content\\\/uploads\\\/2026\\\/01\\\/Nologo.jpg\",\"contentUrl\":\"https:\\\/\\\/recrosses.eu\\\/wp-content\\\/uploads\\\/2026\\\/01\\\/Nologo.jpg\",\"width\":1132,\"height\":905},{\"@type\":\"BreadcrumbList\",\"@id\":\"https:\\\/\\\/recrosses.eu\\\/fr\\\/les-cer\\\/cer-energie-di-quartiere\\\/#breadcrumb\",\"itemListElement\":[{\"@type\":\"ListItem\",\"position\":1,\"name\":\"Home\",\"item\":\"https:\\\/\\\/recrosses.eu\\\/fr\\\/home\\\/\"},{\"@type\":\"ListItem\",\"position\":2,\"name\":\"CER Energie di Quartiere\"}]},{\"@type\":\"WebSite\",\"@id\":\"https:\\\/\\\/recrosses.eu\\\/fr\\\/#website\",\"url\":\"https:\\\/\\\/recrosses.eu\\\/fr\\\/\",\"name\":\"Recrosses\",\"description\":\"L&#039;energia che unisce - L&#039;\u00e9nergie qui unit\",\"potentialAction\":[{\"@type\":\"SearchAction\",\"target\":{\"@type\":\"EntryPoint\",\"urlTemplate\":\"https:\\\/\\\/recrosses.eu\\\/fr\\\/?s={search_term_string}\"},\"query-input\":{\"@type\":\"PropertyValueSpecification\",\"valueRequired\":true,\"valueName\":\"search_term_string\"}}],\"inLanguage\":\"fr-FR\"}]}<\/script>\n<!-- \/ Yoast SEO plugin. -->","yoast_head_json":{"title":"CER Energie di Quartiere - Recrosses","robots":{"index":"index","follow":"follow","max-snippet":"max-snippet:-1","max-image-preview":"max-image-preview:large","max-video-preview":"max-video-preview:-1"},"canonical":"https:\/\/recrosses.eu\/fr\/les-cer\/cer-energie-di-quartiere\/","og_locale":"fr_FR","og_type":"article","og_title":"CER Energie di Quartiere - Recrosses","og_description":"Le 3 d\u00e9cembre 2024, l\u2019Archidioc\u00e8se de Turin a constitu\u00e9 la CER, op\u00e9rationnelle sur les territoires du dioc\u00e8se ainsi que d\u2019autres dioc\u00e8ses pi\u00e9montais, avec pour objectif d\u2019inciter les communaut\u00e9s locales \u00e0 un engagement concret dans la transition \u00e9nerg\u00e9tique, en favorisant la prise de responsabilit\u00e9 des chr\u00e9tiens (et non seulement) pour l\u2019\u00e9cologie int\u00e9grale, conform\u00e9ment aux indications du [&hellip;]","og_url":"https:\/\/recrosses.eu\/fr\/les-cer\/cer-energie-di-quartiere\/","og_site_name":"Recrosses","article_modified_time":"2025-12-15T13:18:05+00:00","og_image":[{"width":300,"height":150,"url":"https:\/\/recrosses.eu\/wp-content\/uploads\/2025\/12\/diocesi-torino.jpg","type":"image\/jpeg"}],"twitter_card":"summary_large_image","twitter_misc":{"Dur\u00e9e de lecture estim\u00e9e":"1 minute"},"schema":{"@context":"https:\/\/schema.org","@graph":[{"@type":"WebPage","@id":"https:\/\/recrosses.eu\/fr\/les-cer\/cer-energie-di-quartiere\/","url":"https:\/\/recrosses.eu\/fr\/les-cer\/cer-energie-di-quartiere\/","name":"CER Energie di Quartiere - Recrosses","isPartOf":{"@id":"https:\/\/recrosses.eu\/fr\/#website"},"primaryImageOfPage":{"@id":"https:\/\/recrosses.eu\/fr\/les-cer\/cer-energie-di-quartiere\/#primaryimage"},"image":{"@id":"https:\/\/recrosses.eu\/fr\/les-cer\/cer-energie-di-quartiere\/#primaryimage"},"thumbnailUrl":"https:\/\/recrosses.eu\/wp-content\/uploads\/2026\/01\/Nologo.jpg","datePublished":"2025-12-15T10:58:33+00:00","dateModified":"2025-12-15T13:18:05+00:00","breadcrumb":{"@id":"https:\/\/recrosses.eu\/fr\/les-cer\/cer-energie-di-quartiere\/#breadcrumb"},"inLanguage":"fr-FR","potentialAction":[{"@type":"ReadAction","target":["https:\/\/recrosses.eu\/fr\/les-cer\/cer-energie-di-quartiere\/"]}]},{"@type":"ImageObject","inLanguage":"fr-FR","@id":"https:\/\/recrosses.eu\/fr\/les-cer\/cer-energie-di-quartiere\/#primaryimage","url":"https:\/\/recrosses.eu\/wp-content\/uploads\/2026\/01\/Nologo.jpg","contentUrl":"https:\/\/recrosses.eu\/wp-content\/uploads\/2026\/01\/Nologo.jpg","width":1132,"height":905},{"@type":"BreadcrumbList","@id":"https:\/\/recrosses.eu\/fr\/les-cer\/cer-energie-di-quartiere\/#breadcrumb","itemListElement":[{"@type":"ListItem","position":1,"name":"Home","item":"https:\/\/recrosses.eu\/fr\/home\/"},{"@type":"ListItem","position":2,"name":"CER Energie di Quartiere"}]},{"@type":"WebSite","@id":"https:\/\/recrosses.eu\/fr\/#website","url":"https:\/\/recrosses.eu\/fr\/","name":"Recrosses","description":"L&#039;energia che unisce - L&#039;\u00e9nergie qui unit","potentialAction":[{"@type":"SearchAction","target":{"@type":"EntryPoint","urlTemplate":"https:\/\/recrosses.eu\/fr\/?s={search_term_string}"},"query-input":{"@type":"PropertyValueSpecification","valueRequired":true,"valueName":"search_term_string"}}],"inLanguage":"fr-FR"}]}},"_links":{"self":[{"href":"https:\/\/recrosses.eu\/fr\/wp-json\/wp\/v2\/cer\/1629","targetHints":{"allow":["GET"]}}],"collection":[{"href":"https:\/\/recrosses.eu\/fr\/wp-json\/wp\/v2\/cer"}],"about":[{"href":"https:\/\/recrosses.eu\/fr\/wp-json\/wp\/v2\/types\/cer"}],"wp:featuredmedia":[{"embeddable":true,"href":"https:\/\/recrosses.eu\/fr\/wp-json\/wp\/v2\/media\/1922"}],"wp:attachment":[{"href":"https:\/\/recrosses.eu\/fr\/wp-json\/wp\/v2\/media?parent=1629"}],"wp:term":[{"taxonomy":"regione-cer","embeddable":true,"href":"https:\/\/recrosses.eu\/fr\/wp-json\/wp\/v2\/regione-cer?post=1629"}],"curies":[{"name":"wp","href":"https:\/\/api.w.org\/{rel}","templated":true}]}}

<p class="wp-block-paragraph">Le 3 décembre 2024, l’Archidiocèse de Turin a constitué la CER, opérationnelle sur les territoires du diocèse ainsi que d’autres diocèses piémontais, avec pour objectif d’inciter les communautés locales à un engagement concret dans la transition énergétique, en favorisant la prise de responsabilité des chrétiens (et non seulement) pour l’écologie intégrale, conformément aux indications du pape François dans son encyclique Laudato Si&rsquo;. La CER est le résultat d’un parcours impliquant citoyens, professionnels, experts et parties prenantes, avec lesquels des collaborations fructueuses, des échanges, des réflexions et des premières actions concrètes ont été menés.  </p>

<p class="wp-block-paragraph">Le projet a été coordonné par l’Archidiocèse de Turin, avec l’aide d’une équipe d’experts. À ce jour, la Communauté Énergétique ENERGIE DI COMUNITÀ ETS a déjà activé 4 configurations dans lesquelles les membres peuvent échanger de l’énergie renouvelable, et le nombre de membres est de 60. La CER est accompagnée par le Politecnico de Turin et par le Guichet Unique RECROSSES.  </p>

<!-- This site is optimized with the Yoast SEO plugin v28.3 - https://yoast.com/product/yoast-seo-wordpress/ -->
<title>CER Energie di Quartiere - Recrosses</title>
<meta name="robots" content="index, follow, max-snippet:-1, max-image-preview:large, max-video-preview:-1" />
<link rel="canonical" href="https://recrosses.eu/fr/les-cer/cer-energie-di-quartiere/" />
<meta property="og:locale" content="fr_FR" />
<meta property="og:type" content="article" />
<meta property="og:title" content="CER Energie di Quartiere - Recrosses" />
<meta property="og:description" content="Le 3 décembre 2024, l’Archidiocèse de Turin a constitué la CER, opérationnelle sur les territoires du diocèse ainsi que d’autres diocèses piémontais, avec pour objectif d’inciter les communautés locales à un engagement concret dans la transition énergétique, en favorisant la prise de responsabilité des chrétiens (et non seulement) pour l’écologie intégrale, conformément aux indications du [&hellip;]" />
<meta property="og:url" content="https://recrosses.eu/fr/les-cer/cer-energie-di-quartiere/" />
<meta property="og:site_name" content="Recrosses" />
<meta property="article:modified_time" content="2025-12-15T13:18:05+00:00" />
<meta property="og:image" content="https://recrosses.eu/wp-content/uploads/2025/12/diocesi-torino.jpg" />
	<meta property="og:image:width" content="300" />
	<meta property="og:image:height" content="150" />
	<meta property="og:image:type" content="image/jpeg" />
<meta name="twitter:card" content="summary_large_image" />
<meta name="twitter:label1" content="Durée de lecture estimée" />
	<meta name="twitter:data1" content="1 minute" />
<script type="application/ld+json" class="yoast-schema-graph">{"@context":"https:\/\/schema.org","@graph":[{"@type":"WebPage","@id":"https:\/\/recrosses.eu\/fr\/les-cer\/cer-energie-di-quartiere\/","url":"https:\/\/recrosses.eu\/fr\/les-cer\/cer-energie-di-quartiere\/","name":"CER Energie di Quartiere - Recrosses","isPartOf":{"@id":"https:\/\/recrosses.eu\/fr\/#website"},"primaryImageOfPage":{"@id":"https:\/\/recrosses.eu\/fr\/les-cer\/cer-energie-di-quartiere\/#primaryimage"},"image":{"@id":"https:\/\/recrosses.eu\/fr\/les-cer\/cer-energie-di-quartiere\/#primaryimage"},"thumbnailUrl":"https:\/\/recrosses.eu\/wp-content\/uploads\/2026\/01\/Nologo.jpg","datePublished":"2025-12-15T10:58:33+00:00","dateModified":"2025-12-15T13:18:05+00:00","breadcrumb":{"@id":"https:\/\/recrosses.eu\/fr\/les-cer\/cer-energie-di-quartiere\/#breadcrumb"},"inLanguage":"fr-FR","potentialAction":[{"@type":"ReadAction","target":["https:\/\/recrosses.eu\/fr\/les-cer\/cer-energie-di-quartiere\/"]}]},{"@type":"ImageObject","inLanguage":"fr-FR","@id":"https:\/\/recrosses.eu\/fr\/les-cer\/cer-energie-di-quartiere\/#primaryimage","url":"https:\/\/recrosses.eu\/wp-content\/uploads\/2026\/01\/Nologo.jpg","contentUrl":"https:\/\/recrosses.eu\/wp-content\/uploads\/2026\/01\/Nologo.jpg","width":1132,"height":905},{"@type":"BreadcrumbList","@id":"https:\/\/recrosses.eu\/fr\/les-cer\/cer-energie-di-quartiere\/#breadcrumb","itemListElement":[{"@type":"ListItem","position":1,"name":"Home","item":"https:\/\/recrosses.eu\/fr\/home\/"},{"@type":"ListItem","position":2,"name":"CER Energie di Quartiere"}]},{"@type":"WebSite","@id":"https:\/\/recrosses.eu\/fr\/#website","url":"https:\/\/recrosses.eu\/fr\/","name":"Recrosses","description":"L&#039;energia che unisce - L&#039;énergie qui unit","potentialAction":[{"@type":"SearchAction","target":{"@type":"EntryPoint","urlTemplate":"https:\/\/recrosses.eu\/fr\/?s={search_term_string}"},"query-input":{"@type":"PropertyValueSpecification","valueRequired":true,"valueName":"search_term_string"}}],"inLanguage":"fr-FR"}]}</script>
<!-- / Yoast SEO plugin. -->

Le 3 décembre 2024, l’Archidiocèse de Turin a constitué la CER, opérationnelle sur les territoires du diocèse ainsi que d’autres diocèses piémontais, avec pour objectif d’inciter les communautés locales à un engagement concret dans la transition énergétique, en favorisant la prise de responsabilité des chrétiens (et non seulement) pour l’écologie intégrale, conformément aux indications du [&hellip;]

L&#039;energia che unisce - L&#039;énergie qui unit
