{"id":1632,"date":"2025-12-15T12:00:00","date_gmt":"2025-12-15T11:00:00","guid":{"rendered":"https:\/\/recrosses.eu\/cer\/cer-mn\/"},"modified":"2025-12-15T14:22:56","modified_gmt":"2025-12-15T13:22:56","slug":"cer-mn","status":"publish","type":"cer","link":"https:\/\/recrosses.eu\/fr\/les-cer\/cer-mn\/","title":{"rendered":"CER MN"},"content":{"rendered":"\n<p class=\"wp-block-paragraph\">La CER MN est n\u00e9e en f\u00e9vrier 2024 \u00e0 l\u2019initiative de certains citoyens r\u00e9sidant dans les communes de Moncalieri et Nichelino, r\u00e9sultat des activit\u00e9s du comit\u00e9 \u201cAttiva-CER\u201d. \u00c0 partir de 2023, le comit\u00e9 a organis\u00e9 diverses initiatives d\u2019information en impliquant des entrepreneurs et des citoyens des communes de Moncalieri, Santena, Villastellone, Nichelino ainsi que des paroisses de Moncalieri. La CER fonde son action sur plusieurs principes fondamentaux : sens de la communaut\u00e9, implication des citoyens, partage des \u00e9nergies renouvelables, r\u00e9duction des \u00e9missions de CO2, sensibilisation aux changements climatiques, coh\u00e9sion territoriale, collaboration entre les membres, r\u00e9duction des co\u00fbts \u00e9nerg\u00e9tiques et lutte contre la pr\u00e9carit\u00e9 \u00e9nerg\u00e9tique.   <\/p>\n\n<p class=\"wp-block-paragraph\">La CER est actuellement op\u00e9rationnelle sur le territoire de 15 communes de l\u2019agglom\u00e9ration turinoise et a impliqu\u00e9 le plus important syndicat italien des travailleurs (la CGIL) avec une installation photovolta\u00efque de 76 kW.<br\/>Gr\u00e2ce au soutien fourni par le Guichet Unique RECROSSES, une augmentation rapide du nombre de membres et d\u2019installations d\u2019\u00e9nergies renouvelables est pr\u00e9vue dans les mois \u00e0 venir. <\/p>\n","protected":false},"featured_media":1928,"template":"","meta":{"_acf_changed":false},"regione-cer":[33],"class_list":["post-1632","cer","type-cer","status-publish","has-post-thumbnail","hentry","regione-cer-italie"],"acf":[],"yoast_head":"<!-- This site is optimized with the Yoast SEO plugin v28.3 - https:\/\/yoast.com\/product\/yoast-seo-wordpress\/ -->\n<title>CER MN - Recrosses<\/title>\n<meta name=\"robots\" content=\"index, follow, max-snippet:-1, max-image-preview:large, max-video-preview:-1\" \/>\n<link rel=\"canonical\" href=\"https:\/\/recrosses.eu\/fr\/les-cer\/cer-mn\/\" \/>\n<meta property=\"og:locale\" content=\"fr_FR\" \/>\n<meta property=\"og:type\" content=\"article\" \/>\n<meta property=\"og:title\" content=\"CER MN - Recrosses\" \/>\n<meta property=\"og:description\" content=\"La CER MN est n\u00e9e en f\u00e9vrier 2024 \u00e0 l\u2019initiative de certains citoyens r\u00e9sidant dans les communes de Moncalieri et Nichelino, r\u00e9sultat des activit\u00e9s du comit\u00e9 \u201cAttiva-CER\u201d. \u00c0 partir de 2023, le comit\u00e9 a organis\u00e9 diverses initiatives d\u2019information en impliquant des entrepreneurs et des citoyens des communes de Moncalieri, Santena, Villastellone, Nichelino ainsi que des [&hellip;]\" \/>\n<meta property=\"og:url\" content=\"https:\/\/recrosses.eu\/fr\/les-cer\/cer-mn\/\" \/>\n<meta property=\"og:site_name\" content=\"Recrosses\" \/>\n<meta property=\"article:modified_time\" content=\"2025-12-15T13:22:56+00:00\" \/>\n<meta property=\"og:image\" content=\"https:\/\/recrosses.eu\/wp-content\/uploads\/2025\/12\/cer-mn.jpg\" \/>\n\t<meta property=\"og:image:width\" content=\"300\" \/>\n\t<meta property=\"og:image:height\" content=\"150\" \/>\n\t<meta property=\"og:image:type\" content=\"image\/jpeg\" \/>\n<meta name=\"twitter:card\" content=\"summary_large_image\" \/>\n<meta name=\"twitter:label1\" content=\"Dur\u00e9e de lecture estim\u00e9e\" \/>\n\t<meta name=\"twitter:data1\" content=\"1 minute\" \/>\n<script type=\"application\/ld+json\" class=\"yoast-schema-graph\">{\"@context\":\"https:\\\/\\\/schema.org\",\"@graph\":[{\"@type\":\"WebPage\",\"@id\":\"https:\\\/\\\/recrosses.eu\\\/fr\\\/les-cer\\\/cer-mn\\\/\",\"url\":\"https:\\\/\\\/recrosses.eu\\\/fr\\\/les-cer\\\/cer-mn\\\/\",\"name\":\"CER MN - Recrosses\",\"isPartOf\":{\"@id\":\"https:\\\/\\\/recrosses.eu\\\/fr\\\/#website\"},\"primaryImageOfPage\":{\"@id\":\"https:\\\/\\\/recrosses.eu\\\/fr\\\/les-cer\\\/cer-mn\\\/#primaryimage\"},\"image\":{\"@id\":\"https:\\\/\\\/recrosses.eu\\\/fr\\\/les-cer\\\/cer-mn\\\/#primaryimage\"},\"thumbnailUrl\":\"https:\\\/\\\/recrosses.eu\\\/wp-content\\\/uploads\\\/2026\\\/01\\\/CER-MN.jpg\",\"datePublished\":\"2025-12-15T11:00:00+00:00\",\"dateModified\":\"2025-12-15T13:22:56+00:00\",\"breadcrumb\":{\"@id\":\"https:\\\/\\\/recrosses.eu\\\/fr\\\/les-cer\\\/cer-mn\\\/#breadcrumb\"},\"inLanguage\":\"fr-FR\",\"potentialAction\":[{\"@type\":\"ReadAction\",\"target\":[\"https:\\\/\\\/recrosses.eu\\\/fr\\\/les-cer\\\/cer-mn\\\/\"]}]},{\"@type\":\"ImageObject\",\"inLanguage\":\"fr-FR\",\"@id\":\"https:\\\/\\\/recrosses.eu\\\/fr\\\/les-cer\\\/cer-mn\\\/#primaryimage\",\"url\":\"https:\\\/\\\/recrosses.eu\\\/wp-content\\\/uploads\\\/2026\\\/01\\\/CER-MN.jpg\",\"contentUrl\":\"https:\\\/\\\/recrosses.eu\\\/wp-content\\\/uploads\\\/2026\\\/01\\\/CER-MN.jpg\",\"width\":1500,\"height\":1200},{\"@type\":\"BreadcrumbList\",\"@id\":\"https:\\\/\\\/recrosses.eu\\\/fr\\\/les-cer\\\/cer-mn\\\/#breadcrumb\",\"itemListElement\":[{\"@type\":\"ListItem\",\"position\":1,\"name\":\"Home\",\"item\":\"https:\\\/\\\/recrosses.eu\\\/fr\\\/home\\\/\"},{\"@type\":\"ListItem\",\"position\":2,\"name\":\"CER MN\"}]},{\"@type\":\"WebSite\",\"@id\":\"https:\\\/\\\/recrosses.eu\\\/fr\\\/#website\",\"url\":\"https:\\\/\\\/recrosses.eu\\\/fr\\\/\",\"name\":\"Recrosses\",\"description\":\"L&#039;energia che unisce - L&#039;\u00e9nergie qui unit\",\"potentialAction\":[{\"@type\":\"SearchAction\",\"target\":{\"@type\":\"EntryPoint\",\"urlTemplate\":\"https:\\\/\\\/recrosses.eu\\\/fr\\\/?s={search_term_string}\"},\"query-input\":{\"@type\":\"PropertyValueSpecification\",\"valueRequired\":true,\"valueName\":\"search_term_string\"}}],\"inLanguage\":\"fr-FR\"}]}<\/script>\n<!-- \/ Yoast SEO plugin. -->","yoast_head_json":{"title":"CER MN - Recrosses","robots":{"index":"index","follow":"follow","max-snippet":"max-snippet:-1","max-image-preview":"max-image-preview:large","max-video-preview":"max-video-preview:-1"},"canonical":"https:\/\/recrosses.eu\/fr\/les-cer\/cer-mn\/","og_locale":"fr_FR","og_type":"article","og_title":"CER MN - Recrosses","og_description":"La CER MN est n\u00e9e en f\u00e9vrier 2024 \u00e0 l\u2019initiative de certains citoyens r\u00e9sidant dans les communes de Moncalieri et Nichelino, r\u00e9sultat des activit\u00e9s du comit\u00e9 \u201cAttiva-CER\u201d. \u00c0 partir de 2023, le comit\u00e9 a organis\u00e9 diverses initiatives d\u2019information en impliquant des entrepreneurs et des citoyens des communes de Moncalieri, Santena, Villastellone, Nichelino ainsi que des [&hellip;]","og_url":"https:\/\/recrosses.eu\/fr\/les-cer\/cer-mn\/","og_site_name":"Recrosses","article_modified_time":"2025-12-15T13:22:56+00:00","og_image":[{"width":300,"height":150,"url":"https:\/\/recrosses.eu\/wp-content\/uploads\/2025\/12\/cer-mn.jpg","type":"image\/jpeg"}],"twitter_card":"summary_large_image","twitter_misc":{"Dur\u00e9e de lecture estim\u00e9e":"1 minute"},"schema":{"@context":"https:\/\/schema.org","@graph":[{"@type":"WebPage","@id":"https:\/\/recrosses.eu\/fr\/les-cer\/cer-mn\/","url":"https:\/\/recrosses.eu\/fr\/les-cer\/cer-mn\/","name":"CER MN - Recrosses","isPartOf":{"@id":"https:\/\/recrosses.eu\/fr\/#website"},"primaryImageOfPage":{"@id":"https:\/\/recrosses.eu\/fr\/les-cer\/cer-mn\/#primaryimage"},"image":{"@id":"https:\/\/recrosses.eu\/fr\/les-cer\/cer-mn\/#primaryimage"},"thumbnailUrl":"https:\/\/recrosses.eu\/wp-content\/uploads\/2026\/01\/CER-MN.jpg","datePublished":"2025-12-15T11:00:00+00:00","dateModified":"2025-12-15T13:22:56+00:00","breadcrumb":{"@id":"https:\/\/recrosses.eu\/fr\/les-cer\/cer-mn\/#breadcrumb"},"inLanguage":"fr-FR","potentialAction":[{"@type":"ReadAction","target":["https:\/\/recrosses.eu\/fr\/les-cer\/cer-mn\/"]}]},{"@type":"ImageObject","inLanguage":"fr-FR","@id":"https:\/\/recrosses.eu\/fr\/les-cer\/cer-mn\/#primaryimage","url":"https:\/\/recrosses.eu\/wp-content\/uploads\/2026\/01\/CER-MN.jpg","contentUrl":"https:\/\/recrosses.eu\/wp-content\/uploads\/2026\/01\/CER-MN.jpg","width":1500,"height":1200},{"@type":"BreadcrumbList","@id":"https:\/\/recrosses.eu\/fr\/les-cer\/cer-mn\/#breadcrumb","itemListElement":[{"@type":"ListItem","position":1,"name":"Home","item":"https:\/\/recrosses.eu\/fr\/home\/"},{"@type":"ListItem","position":2,"name":"CER MN"}]},{"@type":"WebSite","@id":"https:\/\/recrosses.eu\/fr\/#website","url":"https:\/\/recrosses.eu\/fr\/","name":"Recrosses","description":"L&#039;energia che unisce - L&#039;\u00e9nergie qui unit","potentialAction":[{"@type":"SearchAction","target":{"@type":"EntryPoint","urlTemplate":"https:\/\/recrosses.eu\/fr\/?s={search_term_string}"},"query-input":{"@type":"PropertyValueSpecification","valueRequired":true,"valueName":"search_term_string"}}],"inLanguage":"fr-FR"}]}},"_links":{"self":[{"href":"https:\/\/recrosses.eu\/fr\/wp-json\/wp\/v2\/cer\/1632","targetHints":{"allow":["GET"]}}],"collection":[{"href":"https:\/\/recrosses.eu\/fr\/wp-json\/wp\/v2\/cer"}],"about":[{"href":"https:\/\/recrosses.eu\/fr\/wp-json\/wp\/v2\/types\/cer"}],"wp:featuredmedia":[{"embeddable":true,"href":"https:\/\/recrosses.eu\/fr\/wp-json\/wp\/v2\/media\/1928"}],"wp:attachment":[{"href":"https:\/\/recrosses.eu\/fr\/wp-json\/wp\/v2\/media?parent=1632"}],"wp:term":[{"taxonomy":"regione-cer","embeddable":true,"href":"https:\/\/recrosses.eu\/fr\/wp-json\/wp\/v2\/regione-cer?post=1632"}],"curies":[{"name":"wp","href":"https:\/\/api.w.org\/{rel}","templated":true}]}}

<p class="wp-block-paragraph">La CER MN est née en février 2024 à l’initiative de certains citoyens résidant dans les communes de Moncalieri et Nichelino, résultat des activités du comité “Attiva-CER”. À partir de 2023, le comité a organisé diverses initiatives d’information en impliquant des entrepreneurs et des citoyens des communes de Moncalieri, Santena, Villastellone, Nichelino ainsi que des paroisses de Moncalieri. La CER fonde son action sur plusieurs principes fondamentaux : sens de la communauté, implication des citoyens, partage des énergies renouvelables, réduction des émissions de CO2, sensibilisation aux changements climatiques, cohésion territoriale, collaboration entre les membres, réduction des coûts énergétiques et lutte contre la précarité énergétique.   </p>

<p class="wp-block-paragraph">La CER est actuellement opérationnelle sur le territoire de 15 communes de l’agglomération turinoise et a impliqué le plus important syndicat italien des travailleurs (la CGIL) avec une installation photovoltaïque de 76 kW.<br/>Grâce au soutien fourni par le Guichet Unique RECROSSES, une augmentation rapide du nombre de membres et d’installations d’énergies renouvelables est prévue dans les mois à venir. </p>

<!-- This site is optimized with the Yoast SEO plugin v28.3 - https://yoast.com/product/yoast-seo-wordpress/ -->
<title>CER MN - Recrosses</title>
<meta name="robots" content="index, follow, max-snippet:-1, max-image-preview:large, max-video-preview:-1" />
<link rel="canonical" href="https://recrosses.eu/fr/les-cer/cer-mn/" />
<meta property="og:locale" content="fr_FR" />
<meta property="og:type" content="article" />
<meta property="og:title" content="CER MN - Recrosses" />
<meta property="og:description" content="La CER MN est née en février 2024 à l’initiative de certains citoyens résidant dans les communes de Moncalieri et Nichelino, résultat des activités du comité “Attiva-CER”. À partir de 2023, le comité a organisé diverses initiatives d’information en impliquant des entrepreneurs et des citoyens des communes de Moncalieri, Santena, Villastellone, Nichelino ainsi que des [&hellip;]" />
<meta property="og:url" content="https://recrosses.eu/fr/les-cer/cer-mn/" />
<meta property="og:site_name" content="Recrosses" />
<meta property="article:modified_time" content="2025-12-15T13:22:56+00:00" />
<meta property="og:image" content="https://recrosses.eu/wp-content/uploads/2025/12/cer-mn.jpg" />
	<meta property="og:image:width" content="300" />
	<meta property="og:image:height" content="150" />
	<meta property="og:image:type" content="image/jpeg" />
<meta name="twitter:card" content="summary_large_image" />
<meta name="twitter:label1" content="Durée de lecture estimée" />
	<meta name="twitter:data1" content="1 minute" />
<script type="application/ld+json" class="yoast-schema-graph">{"@context":"https:\/\/schema.org","@graph":[{"@type":"WebPage","@id":"https:\/\/recrosses.eu\/fr\/les-cer\/cer-mn\/","url":"https:\/\/recrosses.eu\/fr\/les-cer\/cer-mn\/","name":"CER MN - Recrosses","isPartOf":{"@id":"https:\/\/recrosses.eu\/fr\/#website"},"primaryImageOfPage":{"@id":"https:\/\/recrosses.eu\/fr\/les-cer\/cer-mn\/#primaryimage"},"image":{"@id":"https:\/\/recrosses.eu\/fr\/les-cer\/cer-mn\/#primaryimage"},"thumbnailUrl":"https:\/\/recrosses.eu\/wp-content\/uploads\/2026\/01\/CER-MN.jpg","datePublished":"2025-12-15T11:00:00+00:00","dateModified":"2025-12-15T13:22:56+00:00","breadcrumb":{"@id":"https:\/\/recrosses.eu\/fr\/les-cer\/cer-mn\/#breadcrumb"},"inLanguage":"fr-FR","potentialAction":[{"@type":"ReadAction","target":["https:\/\/recrosses.eu\/fr\/les-cer\/cer-mn\/"]}]},{"@type":"ImageObject","inLanguage":"fr-FR","@id":"https:\/\/recrosses.eu\/fr\/les-cer\/cer-mn\/#primaryimage","url":"https:\/\/recrosses.eu\/wp-content\/uploads\/2026\/01\/CER-MN.jpg","contentUrl":"https:\/\/recrosses.eu\/wp-content\/uploads\/2026\/01\/CER-MN.jpg","width":1500,"height":1200},{"@type":"BreadcrumbList","@id":"https:\/\/recrosses.eu\/fr\/les-cer\/cer-mn\/#breadcrumb","itemListElement":[{"@type":"ListItem","position":1,"name":"Home","item":"https:\/\/recrosses.eu\/fr\/home\/"},{"@type":"ListItem","position":2,"name":"CER MN"}]},{"@type":"WebSite","@id":"https:\/\/recrosses.eu\/fr\/#website","url":"https:\/\/recrosses.eu\/fr\/","name":"Recrosses","description":"L&#039;energia che unisce - L&#039;énergie qui unit","potentialAction":[{"@type":"SearchAction","target":{"@type":"EntryPoint","urlTemplate":"https:\/\/recrosses.eu\/fr\/?s={search_term_string}"},"query-input":{"@type":"PropertyValueSpecification","valueRequired":true,"valueName":"search_term_string"}}],"inLanguage":"fr-FR"}]}</script>
<!-- / Yoast SEO plugin. -->

La CER MN est née en février 2024 à l’initiative de certains citoyens résidant dans les communes de Moncalieri et Nichelino, résultat des activités du comité “Attiva-CER”. À partir de 2023, le comité a organisé diverses initiatives d’information en impliquant des entrepreneurs et des citoyens des communes de Moncalieri, Santena, Villastellone, Nichelino ainsi que des [&hellip;]

L&#039;energia che unisce - L&#039;énergie qui unit
