{"id":1636,"date":"2025-12-15T12:03:44","date_gmt":"2025-12-15T11:03:44","guid":{"rendered":"https:\/\/recrosses.eu\/cer\/cer-solidale-alba-langhe-roero\/"},"modified":"2025-12-15T14:24:57","modified_gmt":"2025-12-15T13:24:57","slug":"cer-solidale-alba-langhe-roero","status":"publish","type":"cer","link":"https:\/\/recrosses.eu\/fr\/les-cer\/cer-solidale-alba-langhe-roero\/","title":{"rendered":"CER solidale Alba Langhe Roero"},"content":{"rendered":"\n<p class=\"wp-block-paragraph\">L\u2019initiative a b\u00e9n\u00e9fici\u00e9 du programme de soutien dirig\u00e9 par Envipark et financ\u00e9 par la Fondazione CRC dans le cadre du programme \u201cPercorsi di sostenibilit\u00e0\u201d. L\u2019un des premiers r\u00e9sultats tangibles du projet est l\u2019efficacit\u00e9 \u00e9nerg\u00e9tique du b\u00e2timent de la commune d\u2019Alba, utilis\u00e9 comme si\u00e8ge de la Croce Rossa, membre de la CER. L\u2019id\u00e9e initiale pr\u00e9voyait une communaut\u00e9 limit\u00e9e, centr\u00e9e sur la Croce Rossa d\u2019Alba et les organisations qui y sont associ\u00e9es. Cependant, apr\u00e8s une premi\u00e8re p\u00e9riode, le nombre de membres s\u2019est consid\u00e9rablement \u00e9largi, impliquant d\u2019autres membres partageant des objectifs similaires de mutualit\u00e9 et de solidarit\u00e9 sociale (Coop\u00e9rative Sociale Alba, Coop\u00e9rative Sociale Emmaus, Coop\u00e9rative Sociale Coesioni Sociali, ACLI CUNEO).   <\/p>\n\n<p class=\"wp-block-paragraph\">L\u2019initiative a re\u00e7u une large reconnaissance et appr\u00e9ciation de la part des organismes publics et priv\u00e9s locaux. Un d\u00e9veloppement notable est venu de la commune d\u2019Alba, qui a exprim\u00e9 son intention d\u2019adh\u00e9rer \u00e0 la CER en contribuant avec des b\u00e2timents communaux \u00e0 la communaut\u00e9. La CER est accompagn\u00e9e par le Guichet Unique RECROSSES.  <\/p>\n","protected":false},"featured_media":1940,"template":"","meta":{"_acf_changed":false},"regione-cer":[33],"class_list":["post-1636","cer","type-cer","status-publish","has-post-thumbnail","hentry","regione-cer-italie"],"acf":[],"yoast_head":"<!-- This site is optimized with the Yoast SEO plugin v28.3 - https:\/\/yoast.com\/product\/yoast-seo-wordpress\/ -->\n<title>CER solidale Alba Langhe Roero - Recrosses<\/title>\n<meta name=\"robots\" content=\"index, follow, max-snippet:-1, max-image-preview:large, max-video-preview:-1\" \/>\n<link rel=\"canonical\" href=\"https:\/\/recrosses.eu\/fr\/les-cer\/cer-solidale-alba-langhe-roero\/\" \/>\n<meta property=\"og:locale\" content=\"fr_FR\" \/>\n<meta property=\"og:type\" content=\"article\" \/>\n<meta property=\"og:title\" content=\"CER solidale Alba Langhe Roero - Recrosses\" \/>\n<meta property=\"og:description\" content=\"L\u2019initiative a b\u00e9n\u00e9fici\u00e9 du programme de soutien dirig\u00e9 par Envipark et financ\u00e9 par la Fondazione CRC dans le cadre du programme \u201cPercorsi di sostenibilit\u00e0\u201d. L\u2019un des premiers r\u00e9sultats tangibles du projet est l\u2019efficacit\u00e9 \u00e9nerg\u00e9tique du b\u00e2timent de la commune d\u2019Alba, utilis\u00e9 comme si\u00e8ge de la Croce Rossa, membre de la CER. L\u2019id\u00e9e initiale pr\u00e9voyait une [&hellip;]\" \/>\n<meta property=\"og:url\" content=\"https:\/\/recrosses.eu\/fr\/les-cer\/cer-solidale-alba-langhe-roero\/\" \/>\n<meta property=\"og:site_name\" content=\"Recrosses\" \/>\n<meta property=\"article:modified_time\" content=\"2025-12-15T13:24:57+00:00\" \/>\n<meta property=\"og:image\" content=\"https:\/\/recrosses.eu\/wp-content\/uploads\/2025\/12\/roero.jpg\" \/>\n\t<meta property=\"og:image:width\" content=\"300\" \/>\n\t<meta property=\"og:image:height\" content=\"150\" \/>\n\t<meta property=\"og:image:type\" content=\"image\/jpeg\" \/>\n<meta name=\"twitter:card\" content=\"summary_large_image\" \/>\n<meta name=\"twitter:label1\" content=\"Dur\u00e9e de lecture estim\u00e9e\" \/>\n\t<meta name=\"twitter:data1\" content=\"1 minute\" \/>\n<script type=\"application\/ld+json\" class=\"yoast-schema-graph\">{\"@context\":\"https:\\\/\\\/schema.org\",\"@graph\":[{\"@type\":\"WebPage\",\"@id\":\"https:\\\/\\\/recrosses.eu\\\/fr\\\/les-cer\\\/cer-solidale-alba-langhe-roero\\\/\",\"url\":\"https:\\\/\\\/recrosses.eu\\\/fr\\\/les-cer\\\/cer-solidale-alba-langhe-roero\\\/\",\"name\":\"CER solidale Alba Langhe Roero - Recrosses\",\"isPartOf\":{\"@id\":\"https:\\\/\\\/recrosses.eu\\\/fr\\\/#website\"},\"primaryImageOfPage\":{\"@id\":\"https:\\\/\\\/recrosses.eu\\\/fr\\\/les-cer\\\/cer-solidale-alba-langhe-roero\\\/#primaryimage\"},\"image\":{\"@id\":\"https:\\\/\\\/recrosses.eu\\\/fr\\\/les-cer\\\/cer-solidale-alba-langhe-roero\\\/#primaryimage\"},\"thumbnailUrl\":\"https:\\\/\\\/recrosses.eu\\\/wp-content\\\/uploads\\\/2026\\\/01\\\/CER-Solidale-Alba-Langhe-Roero.jpg\",\"datePublished\":\"2025-12-15T11:03:44+00:00\",\"dateModified\":\"2025-12-15T13:24:57+00:00\",\"breadcrumb\":{\"@id\":\"https:\\\/\\\/recrosses.eu\\\/fr\\\/les-cer\\\/cer-solidale-alba-langhe-roero\\\/#breadcrumb\"},\"inLanguage\":\"fr-FR\",\"potentialAction\":[{\"@type\":\"ReadAction\",\"target\":[\"https:\\\/\\\/recrosses.eu\\\/fr\\\/les-cer\\\/cer-solidale-alba-langhe-roero\\\/\"]}]},{\"@type\":\"ImageObject\",\"inLanguage\":\"fr-FR\",\"@id\":\"https:\\\/\\\/recrosses.eu\\\/fr\\\/les-cer\\\/cer-solidale-alba-langhe-roero\\\/#primaryimage\",\"url\":\"https:\\\/\\\/recrosses.eu\\\/wp-content\\\/uploads\\\/2026\\\/01\\\/CER-Solidale-Alba-Langhe-Roero.jpg\",\"contentUrl\":\"https:\\\/\\\/recrosses.eu\\\/wp-content\\\/uploads\\\/2026\\\/01\\\/CER-Solidale-Alba-Langhe-Roero.jpg\",\"width\":1500,\"height\":1200},{\"@type\":\"BreadcrumbList\",\"@id\":\"https:\\\/\\\/recrosses.eu\\\/fr\\\/les-cer\\\/cer-solidale-alba-langhe-roero\\\/#breadcrumb\",\"itemListElement\":[{\"@type\":\"ListItem\",\"position\":1,\"name\":\"Home\",\"item\":\"https:\\\/\\\/recrosses.eu\\\/fr\\\/home\\\/\"},{\"@type\":\"ListItem\",\"position\":2,\"name\":\"CER solidale Alba Langhe Roero\"}]},{\"@type\":\"WebSite\",\"@id\":\"https:\\\/\\\/recrosses.eu\\\/fr\\\/#website\",\"url\":\"https:\\\/\\\/recrosses.eu\\\/fr\\\/\",\"name\":\"Recrosses\",\"description\":\"L&#039;energia che unisce - L&#039;\u00e9nergie qui unit\",\"potentialAction\":[{\"@type\":\"SearchAction\",\"target\":{\"@type\":\"EntryPoint\",\"urlTemplate\":\"https:\\\/\\\/recrosses.eu\\\/fr\\\/?s={search_term_string}\"},\"query-input\":{\"@type\":\"PropertyValueSpecification\",\"valueRequired\":true,\"valueName\":\"search_term_string\"}}],\"inLanguage\":\"fr-FR\"}]}<\/script>\n<!-- \/ Yoast SEO plugin. -->","yoast_head_json":{"title":"CER solidale Alba Langhe Roero - Recrosses","robots":{"index":"index","follow":"follow","max-snippet":"max-snippet:-1","max-image-preview":"max-image-preview:large","max-video-preview":"max-video-preview:-1"},"canonical":"https:\/\/recrosses.eu\/fr\/les-cer\/cer-solidale-alba-langhe-roero\/","og_locale":"fr_FR","og_type":"article","og_title":"CER solidale Alba Langhe Roero - Recrosses","og_description":"L\u2019initiative a b\u00e9n\u00e9fici\u00e9 du programme de soutien dirig\u00e9 par Envipark et financ\u00e9 par la Fondazione CRC dans le cadre du programme \u201cPercorsi di sostenibilit\u00e0\u201d. L\u2019un des premiers r\u00e9sultats tangibles du projet est l\u2019efficacit\u00e9 \u00e9nerg\u00e9tique du b\u00e2timent de la commune d\u2019Alba, utilis\u00e9 comme si\u00e8ge de la Croce Rossa, membre de la CER. L\u2019id\u00e9e initiale pr\u00e9voyait une [&hellip;]","og_url":"https:\/\/recrosses.eu\/fr\/les-cer\/cer-solidale-alba-langhe-roero\/","og_site_name":"Recrosses","article_modified_time":"2025-12-15T13:24:57+00:00","og_image":[{"width":300,"height":150,"url":"https:\/\/recrosses.eu\/wp-content\/uploads\/2025\/12\/roero.jpg","type":"image\/jpeg"}],"twitter_card":"summary_large_image","twitter_misc":{"Dur\u00e9e de lecture estim\u00e9e":"1 minute"},"schema":{"@context":"https:\/\/schema.org","@graph":[{"@type":"WebPage","@id":"https:\/\/recrosses.eu\/fr\/les-cer\/cer-solidale-alba-langhe-roero\/","url":"https:\/\/recrosses.eu\/fr\/les-cer\/cer-solidale-alba-langhe-roero\/","name":"CER solidale Alba Langhe Roero - Recrosses","isPartOf":{"@id":"https:\/\/recrosses.eu\/fr\/#website"},"primaryImageOfPage":{"@id":"https:\/\/recrosses.eu\/fr\/les-cer\/cer-solidale-alba-langhe-roero\/#primaryimage"},"image":{"@id":"https:\/\/recrosses.eu\/fr\/les-cer\/cer-solidale-alba-langhe-roero\/#primaryimage"},"thumbnailUrl":"https:\/\/recrosses.eu\/wp-content\/uploads\/2026\/01\/CER-Solidale-Alba-Langhe-Roero.jpg","datePublished":"2025-12-15T11:03:44+00:00","dateModified":"2025-12-15T13:24:57+00:00","breadcrumb":{"@id":"https:\/\/recrosses.eu\/fr\/les-cer\/cer-solidale-alba-langhe-roero\/#breadcrumb"},"inLanguage":"fr-FR","potentialAction":[{"@type":"ReadAction","target":["https:\/\/recrosses.eu\/fr\/les-cer\/cer-solidale-alba-langhe-roero\/"]}]},{"@type":"ImageObject","inLanguage":"fr-FR","@id":"https:\/\/recrosses.eu\/fr\/les-cer\/cer-solidale-alba-langhe-roero\/#primaryimage","url":"https:\/\/recrosses.eu\/wp-content\/uploads\/2026\/01\/CER-Solidale-Alba-Langhe-Roero.jpg","contentUrl":"https:\/\/recrosses.eu\/wp-content\/uploads\/2026\/01\/CER-Solidale-Alba-Langhe-Roero.jpg","width":1500,"height":1200},{"@type":"BreadcrumbList","@id":"https:\/\/recrosses.eu\/fr\/les-cer\/cer-solidale-alba-langhe-roero\/#breadcrumb","itemListElement":[{"@type":"ListItem","position":1,"name":"Home","item":"https:\/\/recrosses.eu\/fr\/home\/"},{"@type":"ListItem","position":2,"name":"CER solidale Alba Langhe Roero"}]},{"@type":"WebSite","@id":"https:\/\/recrosses.eu\/fr\/#website","url":"https:\/\/recrosses.eu\/fr\/","name":"Recrosses","description":"L&#039;energia che unisce - L&#039;\u00e9nergie qui unit","potentialAction":[{"@type":"SearchAction","target":{"@type":"EntryPoint","urlTemplate":"https:\/\/recrosses.eu\/fr\/?s={search_term_string}"},"query-input":{"@type":"PropertyValueSpecification","valueRequired":true,"valueName":"search_term_string"}}],"inLanguage":"fr-FR"}]}},"_links":{"self":[{"href":"https:\/\/recrosses.eu\/fr\/wp-json\/wp\/v2\/cer\/1636","targetHints":{"allow":["GET"]}}],"collection":[{"href":"https:\/\/recrosses.eu\/fr\/wp-json\/wp\/v2\/cer"}],"about":[{"href":"https:\/\/recrosses.eu\/fr\/wp-json\/wp\/v2\/types\/cer"}],"wp:featuredmedia":[{"embeddable":true,"href":"https:\/\/recrosses.eu\/fr\/wp-json\/wp\/v2\/media\/1940"}],"wp:attachment":[{"href":"https:\/\/recrosses.eu\/fr\/wp-json\/wp\/v2\/media?parent=1636"}],"wp:term":[{"taxonomy":"regione-cer","embeddable":true,"href":"https:\/\/recrosses.eu\/fr\/wp-json\/wp\/v2\/regione-cer?post=1636"}],"curies":[{"name":"wp","href":"https:\/\/api.w.org\/{rel}","templated":true}]}}

<p class="wp-block-paragraph">L’initiative a bénéficié du programme de soutien dirigé par Envipark et financé par la Fondazione CRC dans le cadre du programme “Percorsi di sostenibilità”. L’un des premiers résultats tangibles du projet est l’efficacité énergétique du bâtiment de la commune d’Alba, utilisé comme siège de la Croce Rossa, membre de la CER. L’idée initiale prévoyait une communauté limitée, centrée sur la Croce Rossa d’Alba et les organisations qui y sont associées. Cependant, après une première période, le nombre de membres s’est considérablement élargi, impliquant d’autres membres partageant des objectifs similaires de mutualité et de solidarité sociale (Coopérative Sociale Alba, Coopérative Sociale Emmaus, Coopérative Sociale Coesioni Sociali, ACLI CUNEO).   </p>

<p class="wp-block-paragraph">L’initiative a reçu une large reconnaissance et appréciation de la part des organismes publics et privés locaux. Un développement notable est venu de la commune d’Alba, qui a exprimé son intention d’adhérer à la CER en contribuant avec des bâtiments communaux à la communauté. La CER est accompagnée par le Guichet Unique RECROSSES.  </p>

<!-- This site is optimized with the Yoast SEO plugin v28.3 - https://yoast.com/product/yoast-seo-wordpress/ -->
<title>CER solidale Alba Langhe Roero - Recrosses</title>
<meta name="robots" content="index, follow, max-snippet:-1, max-image-preview:large, max-video-preview:-1" />
<link rel="canonical" href="https://recrosses.eu/fr/les-cer/cer-solidale-alba-langhe-roero/" />
<meta property="og:locale" content="fr_FR" />
<meta property="og:type" content="article" />
<meta property="og:title" content="CER solidale Alba Langhe Roero - Recrosses" />
<meta property="og:description" content="L’initiative a bénéficié du programme de soutien dirigé par Envipark et financé par la Fondazione CRC dans le cadre du programme “Percorsi di sostenibilità”. L’un des premiers résultats tangibles du projet est l’efficacité énergétique du bâtiment de la commune d’Alba, utilisé comme siège de la Croce Rossa, membre de la CER. L’idée initiale prévoyait une [&hellip;]" />
<meta property="og:url" content="https://recrosses.eu/fr/les-cer/cer-solidale-alba-langhe-roero/" />
<meta property="og:site_name" content="Recrosses" />
<meta property="article:modified_time" content="2025-12-15T13:24:57+00:00" />
<meta property="og:image" content="https://recrosses.eu/wp-content/uploads/2025/12/roero.jpg" />
	<meta property="og:image:width" content="300" />
	<meta property="og:image:height" content="150" />
	<meta property="og:image:type" content="image/jpeg" />
<meta name="twitter:card" content="summary_large_image" />
<meta name="twitter:label1" content="Durée de lecture estimée" />
	<meta name="twitter:data1" content="1 minute" />
<script type="application/ld+json" class="yoast-schema-graph">{"@context":"https:\/\/schema.org","@graph":[{"@type":"WebPage","@id":"https:\/\/recrosses.eu\/fr\/les-cer\/cer-solidale-alba-langhe-roero\/","url":"https:\/\/recrosses.eu\/fr\/les-cer\/cer-solidale-alba-langhe-roero\/","name":"CER solidale Alba Langhe Roero - Recrosses","isPartOf":{"@id":"https:\/\/recrosses.eu\/fr\/#website"},"primaryImageOfPage":{"@id":"https:\/\/recrosses.eu\/fr\/les-cer\/cer-solidale-alba-langhe-roero\/#primaryimage"},"image":{"@id":"https:\/\/recrosses.eu\/fr\/les-cer\/cer-solidale-alba-langhe-roero\/#primaryimage"},"thumbnailUrl":"https:\/\/recrosses.eu\/wp-content\/uploads\/2026\/01\/CER-Solidale-Alba-Langhe-Roero.jpg","datePublished":"2025-12-15T11:03:44+00:00","dateModified":"2025-12-15T13:24:57+00:00","breadcrumb":{"@id":"https:\/\/recrosses.eu\/fr\/les-cer\/cer-solidale-alba-langhe-roero\/#breadcrumb"},"inLanguage":"fr-FR","potentialAction":[{"@type":"ReadAction","target":["https:\/\/recrosses.eu\/fr\/les-cer\/cer-solidale-alba-langhe-roero\/"]}]},{"@type":"ImageObject","inLanguage":"fr-FR","@id":"https:\/\/recrosses.eu\/fr\/les-cer\/cer-solidale-alba-langhe-roero\/#primaryimage","url":"https:\/\/recrosses.eu\/wp-content\/uploads\/2026\/01\/CER-Solidale-Alba-Langhe-Roero.jpg","contentUrl":"https:\/\/recrosses.eu\/wp-content\/uploads\/2026\/01\/CER-Solidale-Alba-Langhe-Roero.jpg","width":1500,"height":1200},{"@type":"BreadcrumbList","@id":"https:\/\/recrosses.eu\/fr\/les-cer\/cer-solidale-alba-langhe-roero\/#breadcrumb","itemListElement":[{"@type":"ListItem","position":1,"name":"Home","item":"https:\/\/recrosses.eu\/fr\/home\/"},{"@type":"ListItem","position":2,"name":"CER solidale Alba Langhe Roero"}]},{"@type":"WebSite","@id":"https:\/\/recrosses.eu\/fr\/#website","url":"https:\/\/recrosses.eu\/fr\/","name":"Recrosses","description":"L&#039;energia che unisce - L&#039;énergie qui unit","potentialAction":[{"@type":"SearchAction","target":{"@type":"EntryPoint","urlTemplate":"https:\/\/recrosses.eu\/fr\/?s={search_term_string}"},"query-input":{"@type":"PropertyValueSpecification","valueRequired":true,"valueName":"search_term_string"}}],"inLanguage":"fr-FR"}]}</script>
<!-- / Yoast SEO plugin. -->

L’initiative a bénéficié du programme de soutien dirigé par Envipark et financé par la Fondazione CRC dans le cadre du programme “Percorsi di sostenibilità”. L’un des premiers résultats tangibles du projet est l’efficacité énergétique du bâtiment de la commune d’Alba, utilisé comme siège de la Croce Rossa, membre de la CER. L’idée initiale prévoyait une [&hellip;]

L&#039;energia che unisce - L&#039;énergie qui unit
