{"id":1759,"date":"2026-01-14T16:56:40","date_gmt":"2026-01-14T15:56:40","guid":{"rendered":"https:\/\/recrosses.eu\/cer\/centrale-citoyenne-eau-et-soleil-lac\/"},"modified":"2026-01-21T10:42:22","modified_gmt":"2026-01-21T09:42:22","slug":"centrale-citoyenne-eau-et-soleil-lac","status":"publish","type":"cer","link":"https:\/\/recrosses.eu\/fr\/les-cer\/centrale-citoyenne-eau-et-soleil-lac\/","title":{"rendered":"Centrale citoyenne Eau et Soleil Lac"},"content":{"rendered":"\n<p class=\"wp-block-paragraph\"><strong>Eau et Soleil du Lac<\/strong> est une soci\u00e9t\u00e9 compos\u00e9e de 72 citoyens, cr\u00e9\u00e9e en 2021 pour le d\u00e9veloppement des \u00e9nergies renouvelables, active sur le territoire de la communaut\u00e9 d\u2019agglom\u00e9ration du Grand Lac, autour du lac du Bourget en Savoie.<\/p>\n\n<p class=\"wp-block-paragraph\"><strong>Eau et Soleil du Lac<\/strong> s\u2019inscrit dans une d\u00e9marche d\u2019appropriation citoyenne des enjeux \u00e9nerg\u00e9tiques en d\u00e9veloppant divers projets : photovolta\u00efques (avec 3 installations en exploitation repr\u00e9sentant 170 kWc), biomasse (avec un r\u00e9seau de chaleur aliment\u00e9 au bois produisant 4 GWh de chaleur par an) ainsi qu\u2019un projet hydro\u00e9lectrique en cours de d\u00e9veloppement d\u2019une puissance de 370 kW.<\/p>\n\n<p class=\"wp-block-paragraph\"><\/p>\n","protected":false},"featured_media":1890,"template":"","meta":{"_acf_changed":false},"regione-cer":[34],"class_list":["post-1759","cer","type-cer","status-publish","has-post-thumbnail","hentry","regione-cer-france"],"acf":[],"yoast_head":"<!-- This site is optimized with the Yoast SEO plugin v28.3 - https:\/\/yoast.com\/product\/yoast-seo-wordpress\/ -->\n<title>Centrale citoyenne Eau et Soleil Lac - Recrosses<\/title>\n<meta name=\"description\" content=\"Eau et Soleil du Lac est une soci\u00e9t\u00e9 citoyenne d\u00e9di\u00e9e au d\u00e9veloppement des \u00e9nergies renouvelables, active au sein de la communaut\u00e9 d\u2019agglom\u00e9ration du Grand Lac, autour du lac du Bourget en Savoie. Eau et Soleil du Lac s\u2019inscrit dans une d\u00e9marche d\u2019appropriation citoyenne des enjeux \u00e9nerg\u00e9tiques en d\u00e9veloppant divers projets : photovolta\u00efques (avec 3 installations en exploitation repr\u00e9sentant 170 kWc), biomasse (avec un r\u00e9seau de chaleur aliment\u00e9 au bois produisant 4 GWh de chaleur par an) ainsi qu\u2019un projet hydro\u00e9lectrique en cours de d\u00e9veloppement d\u2019une puissance de 370 kW.\" \/>\n<meta name=\"robots\" content=\"index, follow, max-snippet:-1, max-image-preview:large, max-video-preview:-1\" \/>\n<link rel=\"canonical\" href=\"https:\/\/recrosses.eu\/fr\/les-cer\/centrale-citoyenne-eau-et-soleil-lac\/\" \/>\n<meta property=\"og:locale\" content=\"fr_FR\" \/>\n<meta property=\"og:type\" content=\"article\" \/>\n<meta property=\"og:title\" content=\"Centrale citoyenne Eau et Soleil Lac - Recrosses\" \/>\n<meta property=\"og:description\" content=\"Eau et Soleil du Lac est une soci\u00e9t\u00e9 citoyenne d\u00e9di\u00e9e au d\u00e9veloppement des \u00e9nergies renouvelables, active au sein de la communaut\u00e9 d\u2019agglom\u00e9ration du Grand Lac, autour du lac du Bourget en Savoie. Eau et Soleil du Lac s\u2019inscrit dans une d\u00e9marche d\u2019appropriation citoyenne des enjeux \u00e9nerg\u00e9tiques en d\u00e9veloppant divers projets : photovolta\u00efques (avec 3 installations en exploitation repr\u00e9sentant 170 kWc), biomasse (avec un r\u00e9seau de chaleur aliment\u00e9 au bois produisant 4 GWh de chaleur par an) ainsi qu\u2019un projet hydro\u00e9lectrique en cours de d\u00e9veloppement d\u2019une puissance de 370 kW.\" \/>\n<meta property=\"og:url\" content=\"https:\/\/recrosses.eu\/fr\/les-cer\/centrale-citoyenne-eau-et-soleil-lac\/\" \/>\n<meta property=\"og:site_name\" content=\"Recrosses\" \/>\n<meta property=\"article:modified_time\" content=\"2026-01-21T09:42:22+00:00\" \/>\n<meta property=\"og:image\" content=\"https:\/\/recrosses.eu\/wp-content\/uploads\/2026\/01\/Eau-et-soleil-du-lac-1.jpg\" \/>\n\t<meta property=\"og:image:width\" content=\"1500\" \/>\n\t<meta property=\"og:image:height\" content=\"1200\" \/>\n\t<meta property=\"og:image:type\" content=\"image\/jpeg\" \/>\n<meta name=\"twitter:card\" content=\"summary_large_image\" \/>\n<meta name=\"twitter:label1\" content=\"Dur\u00e9e de lecture estim\u00e9e\" \/>\n\t<meta name=\"twitter:data1\" content=\"1 minute\" \/>\n<script type=\"application\/ld+json\" class=\"yoast-schema-graph\">{\"@context\":\"https:\\\/\\\/schema.org\",\"@graph\":[{\"@type\":\"WebPage\",\"@id\":\"https:\\\/\\\/recrosses.eu\\\/fr\\\/les-cer\\\/centrale-citoyenne-eau-et-soleil-lac\\\/\",\"url\":\"https:\\\/\\\/recrosses.eu\\\/fr\\\/les-cer\\\/centrale-citoyenne-eau-et-soleil-lac\\\/\",\"name\":\"Centrale citoyenne Eau et Soleil Lac - Recrosses\",\"isPartOf\":{\"@id\":\"https:\\\/\\\/recrosses.eu\\\/fr\\\/#website\"},\"primaryImageOfPage\":{\"@id\":\"https:\\\/\\\/recrosses.eu\\\/fr\\\/les-cer\\\/centrale-citoyenne-eau-et-soleil-lac\\\/#primaryimage\"},\"image\":{\"@id\":\"https:\\\/\\\/recrosses.eu\\\/fr\\\/les-cer\\\/centrale-citoyenne-eau-et-soleil-lac\\\/#primaryimage\"},\"thumbnailUrl\":\"https:\\\/\\\/recrosses.eu\\\/wp-content\\\/uploads\\\/2026\\\/01\\\/Eau-et-soleil-du-lac-1.jpg\",\"datePublished\":\"2026-01-14T15:56:40+00:00\",\"dateModified\":\"2026-01-21T09:42:22+00:00\",\"description\":\"Eau et Soleil du Lac est une soci\u00e9t\u00e9 citoyenne d\u00e9di\u00e9e au d\u00e9veloppement des \u00e9nergies renouvelables, active au sein de la communaut\u00e9 d\u2019agglom\u00e9ration du Grand Lac, autour du lac du Bourget en Savoie. Eau et Soleil du Lac s\u2019inscrit dans une d\u00e9marche d\u2019appropriation citoyenne des enjeux \u00e9nerg\u00e9tiques en d\u00e9veloppant divers projets : photovolta\u00efques (avec 3 installations en exploitation repr\u00e9sentant 170 kWc), biomasse (avec un r\u00e9seau de chaleur aliment\u00e9 au bois produisant 4 GWh de chaleur par an) ainsi qu\u2019un projet hydro\u00e9lectrique en cours de d\u00e9veloppement d\u2019une puissance de 370 kW.\",\"breadcrumb\":{\"@id\":\"https:\\\/\\\/recrosses.eu\\\/fr\\\/les-cer\\\/centrale-citoyenne-eau-et-soleil-lac\\\/#breadcrumb\"},\"inLanguage\":\"fr-FR\",\"potentialAction\":[{\"@type\":\"ReadAction\",\"target\":[\"https:\\\/\\\/recrosses.eu\\\/fr\\\/les-cer\\\/centrale-citoyenne-eau-et-soleil-lac\\\/\"]}]},{\"@type\":\"ImageObject\",\"inLanguage\":\"fr-FR\",\"@id\":\"https:\\\/\\\/recrosses.eu\\\/fr\\\/les-cer\\\/centrale-citoyenne-eau-et-soleil-lac\\\/#primaryimage\",\"url\":\"https:\\\/\\\/recrosses.eu\\\/wp-content\\\/uploads\\\/2026\\\/01\\\/Eau-et-soleil-du-lac-1.jpg\",\"contentUrl\":\"https:\\\/\\\/recrosses.eu\\\/wp-content\\\/uploads\\\/2026\\\/01\\\/Eau-et-soleil-du-lac-1.jpg\",\"width\":1500,\"height\":1200},{\"@type\":\"BreadcrumbList\",\"@id\":\"https:\\\/\\\/recrosses.eu\\\/fr\\\/les-cer\\\/centrale-citoyenne-eau-et-soleil-lac\\\/#breadcrumb\",\"itemListElement\":[{\"@type\":\"ListItem\",\"position\":1,\"name\":\"Home\",\"item\":\"https:\\\/\\\/recrosses.eu\\\/fr\\\/home\\\/\"},{\"@type\":\"ListItem\",\"position\":2,\"name\":\"Centrale citoyenne Eau et Soleil Lac\"}]},{\"@type\":\"WebSite\",\"@id\":\"https:\\\/\\\/recrosses.eu\\\/fr\\\/#website\",\"url\":\"https:\\\/\\\/recrosses.eu\\\/fr\\\/\",\"name\":\"Recrosses\",\"description\":\"L&#039;energia che unisce - L&#039;\u00e9nergie qui unit\",\"potentialAction\":[{\"@type\":\"SearchAction\",\"target\":{\"@type\":\"EntryPoint\",\"urlTemplate\":\"https:\\\/\\\/recrosses.eu\\\/fr\\\/?s={search_term_string}\"},\"query-input\":{\"@type\":\"PropertyValueSpecification\",\"valueRequired\":true,\"valueName\":\"search_term_string\"}}],\"inLanguage\":\"fr-FR\"}]}<\/script>\n<!-- \/ Yoast SEO plugin. -->","yoast_head_json":{"title":"Centrale citoyenne Eau et Soleil Lac - Recrosses","description":"Eau et Soleil du Lac est une soci\u00e9t\u00e9 citoyenne d\u00e9di\u00e9e au d\u00e9veloppement des \u00e9nergies renouvelables, active au sein de la communaut\u00e9 d\u2019agglom\u00e9ration du Grand Lac, autour du lac du Bourget en Savoie. Eau et Soleil du Lac s\u2019inscrit dans une d\u00e9marche d\u2019appropriation citoyenne des enjeux \u00e9nerg\u00e9tiques en d\u00e9veloppant divers projets : photovolta\u00efques (avec 3 installations en exploitation repr\u00e9sentant 170 kWc), biomasse (avec un r\u00e9seau de chaleur aliment\u00e9 au bois produisant 4 GWh de chaleur par an) ainsi qu\u2019un projet hydro\u00e9lectrique en cours de d\u00e9veloppement d\u2019une puissance de 370 kW.","robots":{"index":"index","follow":"follow","max-snippet":"max-snippet:-1","max-image-preview":"max-image-preview:large","max-video-preview":"max-video-preview:-1"},"canonical":"https:\/\/recrosses.eu\/fr\/les-cer\/centrale-citoyenne-eau-et-soleil-lac\/","og_locale":"fr_FR","og_type":"article","og_title":"Centrale citoyenne Eau et Soleil Lac - Recrosses","og_description":"Eau et Soleil du Lac est une soci\u00e9t\u00e9 citoyenne d\u00e9di\u00e9e au d\u00e9veloppement des \u00e9nergies renouvelables, active au sein de la communaut\u00e9 d\u2019agglom\u00e9ration du Grand Lac, autour du lac du Bourget en Savoie. Eau et Soleil du Lac s\u2019inscrit dans une d\u00e9marche d\u2019appropriation citoyenne des enjeux \u00e9nerg\u00e9tiques en d\u00e9veloppant divers projets : photovolta\u00efques (avec 3 installations en exploitation repr\u00e9sentant 170 kWc), biomasse (avec un r\u00e9seau de chaleur aliment\u00e9 au bois produisant 4 GWh de chaleur par an) ainsi qu\u2019un projet hydro\u00e9lectrique en cours de d\u00e9veloppement d\u2019une puissance de 370 kW.","og_url":"https:\/\/recrosses.eu\/fr\/les-cer\/centrale-citoyenne-eau-et-soleil-lac\/","og_site_name":"Recrosses","article_modified_time":"2026-01-21T09:42:22+00:00","og_image":[{"width":1500,"height":1200,"url":"https:\/\/recrosses.eu\/wp-content\/uploads\/2026\/01\/Eau-et-soleil-du-lac-1.jpg","type":"image\/jpeg"}],"twitter_card":"summary_large_image","twitter_misc":{"Dur\u00e9e de lecture estim\u00e9e":"1 minute"},"schema":{"@context":"https:\/\/schema.org","@graph":[{"@type":"WebPage","@id":"https:\/\/recrosses.eu\/fr\/les-cer\/centrale-citoyenne-eau-et-soleil-lac\/","url":"https:\/\/recrosses.eu\/fr\/les-cer\/centrale-citoyenne-eau-et-soleil-lac\/","name":"Centrale citoyenne Eau et Soleil Lac - Recrosses","isPartOf":{"@id":"https:\/\/recrosses.eu\/fr\/#website"},"primaryImageOfPage":{"@id":"https:\/\/recrosses.eu\/fr\/les-cer\/centrale-citoyenne-eau-et-soleil-lac\/#primaryimage"},"image":{"@id":"https:\/\/recrosses.eu\/fr\/les-cer\/centrale-citoyenne-eau-et-soleil-lac\/#primaryimage"},"thumbnailUrl":"https:\/\/recrosses.eu\/wp-content\/uploads\/2026\/01\/Eau-et-soleil-du-lac-1.jpg","datePublished":"2026-01-14T15:56:40+00:00","dateModified":"2026-01-21T09:42:22+00:00","description":"Eau et Soleil du Lac est une soci\u00e9t\u00e9 citoyenne d\u00e9di\u00e9e au d\u00e9veloppement des \u00e9nergies renouvelables, active au sein de la communaut\u00e9 d\u2019agglom\u00e9ration du Grand Lac, autour du lac du Bourget en Savoie. Eau et Soleil du Lac s\u2019inscrit dans une d\u00e9marche d\u2019appropriation citoyenne des enjeux \u00e9nerg\u00e9tiques en d\u00e9veloppant divers projets : photovolta\u00efques (avec 3 installations en exploitation repr\u00e9sentant 170 kWc), biomasse (avec un r\u00e9seau de chaleur aliment\u00e9 au bois produisant 4 GWh de chaleur par an) ainsi qu\u2019un projet hydro\u00e9lectrique en cours de d\u00e9veloppement d\u2019une puissance de 370 kW.","breadcrumb":{"@id":"https:\/\/recrosses.eu\/fr\/les-cer\/centrale-citoyenne-eau-et-soleil-lac\/#breadcrumb"},"inLanguage":"fr-FR","potentialAction":[{"@type":"ReadAction","target":["https:\/\/recrosses.eu\/fr\/les-cer\/centrale-citoyenne-eau-et-soleil-lac\/"]}]},{"@type":"ImageObject","inLanguage":"fr-FR","@id":"https:\/\/recrosses.eu\/fr\/les-cer\/centrale-citoyenne-eau-et-soleil-lac\/#primaryimage","url":"https:\/\/recrosses.eu\/wp-content\/uploads\/2026\/01\/Eau-et-soleil-du-lac-1.jpg","contentUrl":"https:\/\/recrosses.eu\/wp-content\/uploads\/2026\/01\/Eau-et-soleil-du-lac-1.jpg","width":1500,"height":1200},{"@type":"BreadcrumbList","@id":"https:\/\/recrosses.eu\/fr\/les-cer\/centrale-citoyenne-eau-et-soleil-lac\/#breadcrumb","itemListElement":[{"@type":"ListItem","position":1,"name":"Home","item":"https:\/\/recrosses.eu\/fr\/home\/"},{"@type":"ListItem","position":2,"name":"Centrale citoyenne Eau et Soleil Lac"}]},{"@type":"WebSite","@id":"https:\/\/recrosses.eu\/fr\/#website","url":"https:\/\/recrosses.eu\/fr\/","name":"Recrosses","description":"L&#039;energia che unisce - L&#039;\u00e9nergie qui unit","potentialAction":[{"@type":"SearchAction","target":{"@type":"EntryPoint","urlTemplate":"https:\/\/recrosses.eu\/fr\/?s={search_term_string}"},"query-input":{"@type":"PropertyValueSpecification","valueRequired":true,"valueName":"search_term_string"}}],"inLanguage":"fr-FR"}]}},"_links":{"self":[{"href":"https:\/\/recrosses.eu\/fr\/wp-json\/wp\/v2\/cer\/1759","targetHints":{"allow":["GET"]}}],"collection":[{"href":"https:\/\/recrosses.eu\/fr\/wp-json\/wp\/v2\/cer"}],"about":[{"href":"https:\/\/recrosses.eu\/fr\/wp-json\/wp\/v2\/types\/cer"}],"wp:featuredmedia":[{"embeddable":true,"href":"https:\/\/recrosses.eu\/fr\/wp-json\/wp\/v2\/media\/1890"}],"wp:attachment":[{"href":"https:\/\/recrosses.eu\/fr\/wp-json\/wp\/v2\/media?parent=1759"}],"wp:term":[{"taxonomy":"regione-cer","embeddable":true,"href":"https:\/\/recrosses.eu\/fr\/wp-json\/wp\/v2\/regione-cer?post=1759"}],"curies":[{"name":"wp","href":"https:\/\/api.w.org\/{rel}","templated":true}]}}

<p class="wp-block-paragraph"><strong>Eau et Soleil du Lac</strong> est une société composée de 72 citoyens, créée en 2021 pour le développement des énergies renouvelables, active sur le territoire de la communauté d’agglomération du Grand Lac, autour du lac du Bourget en Savoie.</p>

<p class="wp-block-paragraph"><strong>Eau et Soleil du Lac</strong> s’inscrit dans une démarche d’appropriation citoyenne des enjeux énergétiques en développant divers projets : photovoltaïques (avec 3 installations en exploitation représentant 170 kWc), biomasse (avec un réseau de chaleur alimenté au bois produisant 4 GWh de chaleur par an) ainsi qu’un projet hydroélectrique en cours de développement d’une puissance de 370 kW.</p>

<p class="wp-block-paragraph"></p>

<!-- This site is optimized with the Yoast SEO plugin v28.3 - https://yoast.com/product/yoast-seo-wordpress/ -->
<title>Centrale citoyenne Eau et Soleil Lac - Recrosses</title>
<meta name="description" content="Eau et Soleil du Lac est une société citoyenne dédiée au développement des énergies renouvelables, active au sein de la communauté d’agglomération du Grand Lac, autour du lac du Bourget en Savoie. Eau et Soleil du Lac s’inscrit dans une démarche d’appropriation citoyenne des enjeux énergétiques en développant divers projets : photovoltaïques (avec 3 installations en exploitation représentant 170 kWc), biomasse (avec un réseau de chaleur alimenté au bois produisant 4 GWh de chaleur par an) ainsi qu’un projet hydroélectrique en cours de développement d’une puissance de 370 kW." />
<meta name="robots" content="index, follow, max-snippet:-1, max-image-preview:large, max-video-preview:-1" />
<link rel="canonical" href="https://recrosses.eu/fr/les-cer/centrale-citoyenne-eau-et-soleil-lac/" />
<meta property="og:locale" content="fr_FR" />
<meta property="og:type" content="article" />
<meta property="og:title" content="Centrale citoyenne Eau et Soleil Lac - Recrosses" />
<meta property="og:description" content="Eau et Soleil du Lac est une société citoyenne dédiée au développement des énergies renouvelables, active au sein de la communauté d’agglomération du Grand Lac, autour du lac du Bourget en Savoie. Eau et Soleil du Lac s’inscrit dans une démarche d’appropriation citoyenne des enjeux énergétiques en développant divers projets : photovoltaïques (avec 3 installations en exploitation représentant 170 kWc), biomasse (avec un réseau de chaleur alimenté au bois produisant 4 GWh de chaleur par an) ainsi qu’un projet hydroélectrique en cours de développement d’une puissance de 370 kW." />
<meta property="og:url" content="https://recrosses.eu/fr/les-cer/centrale-citoyenne-eau-et-soleil-lac/" />
<meta property="og:site_name" content="Recrosses" />
<meta property="article:modified_time" content="2026-01-21T09:42:22+00:00" />
<meta property="og:image" content="https://recrosses.eu/wp-content/uploads/2026/01/Eau-et-soleil-du-lac-1.jpg" />
	<meta property="og:image:width" content="1500" />
	<meta property="og:image:height" content="1200" />
	<meta property="og:image:type" content="image/jpeg" />
<meta name="twitter:card" content="summary_large_image" />
<meta name="twitter:label1" content="Durée de lecture estimée" />
	<meta name="twitter:data1" content="1 minute" />
<script type="application/ld+json" class="yoast-schema-graph">{"@context":"https:\/\/schema.org","@graph":[{"@type":"WebPage","@id":"https:\/\/recrosses.eu\/fr\/les-cer\/centrale-citoyenne-eau-et-soleil-lac\/","url":"https:\/\/recrosses.eu\/fr\/les-cer\/centrale-citoyenne-eau-et-soleil-lac\/","name":"Centrale citoyenne Eau et Soleil Lac - Recrosses","isPartOf":{"@id":"https:\/\/recrosses.eu\/fr\/#website"},"primaryImageOfPage":{"@id":"https:\/\/recrosses.eu\/fr\/les-cer\/centrale-citoyenne-eau-et-soleil-lac\/#primaryimage"},"image":{"@id":"https:\/\/recrosses.eu\/fr\/les-cer\/centrale-citoyenne-eau-et-soleil-lac\/#primaryimage"},"thumbnailUrl":"https:\/\/recrosses.eu\/wp-content\/uploads\/2026\/01\/Eau-et-soleil-du-lac-1.jpg","datePublished":"2026-01-14T15:56:40+00:00","dateModified":"2026-01-21T09:42:22+00:00","description":"Eau et Soleil du Lac est une société citoyenne dédiée au développement des énergies renouvelables, active au sein de la communauté d’agglomération du Grand Lac, autour du lac du Bourget en Savoie. Eau et Soleil du Lac s’inscrit dans une démarche d’appropriation citoyenne des enjeux énergétiques en développant divers projets : photovoltaïques (avec 3 installations en exploitation représentant 170 kWc), biomasse (avec un réseau de chaleur alimenté au bois produisant 4 GWh de chaleur par an) ainsi qu’un projet hydroélectrique en cours de développement d’une puissance de 370 kW.","breadcrumb":{"@id":"https:\/\/recrosses.eu\/fr\/les-cer\/centrale-citoyenne-eau-et-soleil-lac\/#breadcrumb"},"inLanguage":"fr-FR","potentialAction":[{"@type":"ReadAction","target":["https:\/\/recrosses.eu\/fr\/les-cer\/centrale-citoyenne-eau-et-soleil-lac\/"]}]},{"@type":"ImageObject","inLanguage":"fr-FR","@id":"https:\/\/recrosses.eu\/fr\/les-cer\/centrale-citoyenne-eau-et-soleil-lac\/#primaryimage","url":"https:\/\/recrosses.eu\/wp-content\/uploads\/2026\/01\/Eau-et-soleil-du-lac-1.jpg","contentUrl":"https:\/\/recrosses.eu\/wp-content\/uploads\/2026\/01\/Eau-et-soleil-du-lac-1.jpg","width":1500,"height":1200},{"@type":"BreadcrumbList","@id":"https:\/\/recrosses.eu\/fr\/les-cer\/centrale-citoyenne-eau-et-soleil-lac\/#breadcrumb","itemListElement":[{"@type":"ListItem","position":1,"name":"Home","item":"https:\/\/recrosses.eu\/fr\/home\/"},{"@type":"ListItem","position":2,"name":"Centrale citoyenne Eau et Soleil Lac"}]},{"@type":"WebSite","@id":"https:\/\/recrosses.eu\/fr\/#website","url":"https:\/\/recrosses.eu\/fr\/","name":"Recrosses","description":"L&#039;energia che unisce - L&#039;énergie qui unit","potentialAction":[{"@type":"SearchAction","target":{"@type":"EntryPoint","urlTemplate":"https:\/\/recrosses.eu\/fr\/?s={search_term_string}"},"query-input":{"@type":"PropertyValueSpecification","valueRequired":true,"valueName":"search_term_string"}}],"inLanguage":"fr-FR"}]}</script>
<!-- / Yoast SEO plugin. -->

Eau et Soleil du Lac est une société citoyenne dédiée au développement des énergies renouvelables, active au sein de la communauté d’agglomération du Grand Lac, autour du lac du Bourget en Savoie. Eau et Soleil du Lac s’inscrit dans une démarche d’appropriation citoyenne des enjeux énergétiques en développant divers projets : photovoltaïques (avec 3 installations en exploitation représentant 170 kWc), biomasse (avec un réseau de chaleur alimenté au bois produisant 4 GWh de chaleur par an) ainsi qu’un projet hydroélectrique en cours de développement d’une puissance de 370 kW.

L&#039;energia che unisce - L&#039;énergie qui unit
